Last updated on 2024-04-25 20:48:36 CEST.
Flavor | Version | Tinstall | Tcheck | Ttotal | Status | Flags |
---|---|---|---|---|---|---|
r-devel-linux-x86_64-debian-clang | 1.3.3 | 47.54 | 199.72 | 247.26 | OK | |
r-devel-linux-x86_64-debian-gcc | 1.3.3 | 35.73 | 145.46 | 181.19 | OK | |
r-devel-linux-x86_64-fedora-clang | 1.3.3 | 303.98 | OK | |||
r-devel-linux-x86_64-fedora-gcc | 1.3.3 | 291.88 | OK | |||
r-devel-windows-x86_64 | 1.3.3 | 34.00 | 159.00 | 193.00 | OK | |
r-patched-linux-x86_64 | 1.3.3 | 47.66 | 188.72 | 236.38 | OK | |
r-release-linux-x86_64 | 1.3.3 | 42.67 | 192.50 | 235.17 | OK | |
r-release-macos-arm64 | 1.3.3 | 74.00 | OK | |||
r-release-macos-x86_64 | 1.3.3 | 217.00 | NOTE | |||
r-release-windows-x86_64 | 1.3.3 | 35.00 | 155.00 | 190.00 | OK | |
r-oldrel-macos-arm64 | 1.3.3 | 103.00 | OK | |||
r-oldrel-macos-x86_64 | 1.3.3 | 178.00 | OK | |||
r-oldrel-windows-x86_64 | 1.3.3 | 48.00 | 189.00 | 237.00 | OK |
Version: 1.3.3
Check: package dependencies
Result: NOTE
Package suggested but not available for checking: ‘RobLox’
Flavor: r-release-macos-x86_64
Version: 1.3.3
Check: Rd cross-references
Result: NOTE
Unknown package ‘RobLox’ in Rd xrefs
Flavor: r-release-macos-x86_64