Last updated on 2023-10-04 08:01:48 CEST.
Flavor | Version | Tinstall | Tcheck | Ttotal | Status | Flags |
---|---|---|---|---|---|---|
r-devel-linux-x86_64-debian-clang | 0.3-0 | 6.30 | 50.89 | 57.19 | OK | --no-tests |
r-devel-linux-x86_64-debian-gcc | 0.3-0 | 4.36 | 35.58 | 39.94 | OK | --no-tests |
r-devel-windows-x86_64 | 0.3-0 | 1.00 | 5.00 | 6.00 | ERROR | |
r-patched-linux-x86_64 | 0.3-0 | 4.03 | 49.31 | 53.34 | OK | --no-tests |
r-release-linux-x86_64 | 0.3-0 | 4.94 | 48.10 | 53.04 | OK | --no-tests |
r-release-macos-arm64 | 0.3-0 | 5.00 | ERROR | |||
r-release-macos-x86_64 | 0.3-0 | 7.00 | ERROR | |||
r-release-windows-x86_64 | 0.3-0 | 1.00 | 7.00 | 8.00 | ERROR | |
r-oldrel-macos-arm64 | 0.3-0 | 8.00 | ERROR | |||
r-oldrel-macos-x86_64 | 0.3-0 | 12.00 | ERROR | |||
r-oldrel-windows-x86_64 | 0.3-0 | 2.00 | 23.00 | 25.00 | ERROR |
Version: 0.3-0
Check: package dependencies
Result: ERROR
Package required but not available: 'Rcplex'
See section 'The DESCRIPTION file' in the 'Writing R Extensions'
manual.
Flavors: r-devel-windows-x86_64, r-release-macos-arm64, r-release-macos-x86_64, r-release-windows-x86_64, r-oldrel-macos-arm64, r-oldrel-macos-x86_64, r-oldrel-windows-x86_64