Last updated on 2023-10-02 20:12:09 CEST.
Flavor | Version | Tinstall | Tcheck | Ttotal | Status | Flags |
---|---|---|---|---|---|---|
r-devel-linux-x86_64-debian-clang | 2.6-2 | 21.34 | 45.46 | 66.80 | OK | |
r-devel-linux-x86_64-debian-gcc | 2.6-2 | 13.21 | 34.72 | 47.93 | OK | |
r-devel-linux-x86_64-fedora-clang | 2.6-2 | 83.13 | OK | |||
r-devel-linux-x86_64-fedora-gcc | 2.6-2 | 80.34 | OK | |||
r-devel-windows-x86_64 | 2.6-2 | 29.00 | 138.00 | 167.00 | NOTE | |
r-patched-linux-x86_64 | 2.6-2 | 17.91 | 44.58 | 62.49 | OK | |
r-release-linux-x86_64 | 2.6-2 | 16.43 | 43.91 | 60.34 | OK | |
r-release-macos-arm64 | 2.6-2 | 41.00 | NOTE | |||
r-release-macos-x86_64 | 2.6-2 | 61.00 | NOTE | |||
r-release-windows-x86_64 | 2.6-2 | 37.00 | 163.00 | 200.00 | NOTE | |
r-oldrel-macos-arm64 | 2.6-2 | 43.00 | NOTE | |||
r-oldrel-macos-x86_64 | 2.6-2 | 52.00 | NOTE | |||
r-oldrel-windows-x86_64 | 2.6-2 | 33.00 | 131.00 | 164.00 | NOTE |
Version: 2.6-2
Check: installed package size
Result: NOTE
installed size is 10.8Mb
sub-directories of 1Mb or more:
libs 10.4Mb
Flavors: r-devel-windows-x86_64, r-release-macos-arm64, r-release-macos-x86_64, r-release-windows-x86_64, r-oldrel-macos-arm64, r-oldrel-macos-x86_64, r-oldrel-windows-x86_64
Version: 2.6-2
Check: package dependencies
Result: NOTE
Package which this enhances but not available for checking: ‘pbdMPI’
Flavors: r-release-macos-arm64, r-release-macos-x86_64, r-oldrel-macos-arm64, r-oldrel-macos-x86_64
Version: 2.6-2
Check: Rd cross-references
Result: NOTE
Package unavailable to check Rd xrefs: ‘pbdMPI’
Flavors: r-release-macos-arm64, r-release-macos-x86_64, r-oldrel-macos-arm64, r-oldrel-macos-x86_64