Last updated on 2024-03-29 07:54:55 CET.
Flavor | Version | Tinstall | Tcheck | Ttotal | Status | Flags |
---|---|---|---|---|---|---|
r-devel-linux-x86_64-debian-clang | 2.9-2 | 23.18 | 47.96 | 71.14 | OK | |
r-devel-linux-x86_64-debian-gcc | 2.9-2 | 16.05 | 35.90 | 51.95 | OK | |
r-devel-linux-x86_64-fedora-clang | 2.9-2 | 92.74 | OK | |||
r-devel-linux-x86_64-fedora-gcc | 2.9-2 | 88.61 | OK | |||
r-devel-windows-x86_64 | 2.9-2 | 97.00 | 204.00 | 301.00 | NOTE | |
r-patched-linux-x86_64 | 2.9-2 | 19.94 | 46.86 | 66.80 | OK | |
r-release-linux-x86_64 | 2.9-1 | 18.18 | 46.56 | 64.74 | OK | |
r-release-macos-arm64 | 2.9-2 | 66.00 | NOTE | |||
r-release-macos-x86_64 | 2.9-2 | 117.00 | NOTE | |||
r-release-windows-x86_64 | 2.9-2 | 137.00 | 209.00 | 346.00 | NOTE | |
r-oldrel-macos-arm64 | 2.9-2 | 53.00 | NOTE | |||
r-oldrel-windows-x86_64 | 2.9-2 | 104.00 | 149.00 | 253.00 | NOTE |
Version: 2.9-2
Check: installed package size
Result: NOTE
installed size is 16.5Mb
sub-directories of 1Mb or more:
libs 16.2Mb
Flavors: r-devel-windows-x86_64, r-release-macos-arm64, r-release-macos-x86_64, r-release-windows-x86_64, r-oldrel-macos-arm64, r-oldrel-windows-x86_64
Version: 2.9-2
Check: package dependencies
Result: NOTE
Packages which this enhances but not available for checking:
'pbdMPI', 'Rmpi'
Flavors: r-release-macos-arm64, r-release-macos-x86_64, r-oldrel-macos-arm64
Version: 2.9-2
Check: Rd cross-references
Result: NOTE
Packages unavailable to check Rd xrefs: ‘pbdMPI’, ‘Rmpi’
Flavors: r-release-macos-arm64, r-release-macos-x86_64, r-oldrel-macos-arm64