Last updated on 2024-03-29 07:54:55 CET.
Flavor | Version | Tinstall | Tcheck | Ttotal | Status | Flags |
---|---|---|---|---|---|---|
r-devel-linux-x86_64-debian-clang | 1.1.0 | 8.61 | 91.48 | 100.09 | NOTE | |
r-devel-linux-x86_64-debian-gcc | 1.1.0 | 4.61 | 68.07 | 72.68 | NOTE | |
r-devel-linux-x86_64-fedora-clang | 1.1.0 | 121.02 | NOTE | |||
r-devel-linux-x86_64-fedora-gcc | 1.1.0 | 138.53 | NOTE | |||
r-devel-windows-x86_64 | 1.1.0 | 8.00 | 84.00 | 92.00 | NOTE | |
r-patched-linux-x86_64 | 1.1.0 | 5.89 | 88.59 | 94.48 | NOTE | |
r-release-linux-x86_64 | 1.1.0 | 6.68 | 106.78 | 113.46 | NOTE | |
r-release-macos-arm64 | 1.1.0 | 50.00 | NOTE | |||
r-release-macos-x86_64 | 1.1.0 | 77.00 | NOTE | |||
r-release-windows-x86_64 | 1.1.0 | 6.00 | 106.00 | 112.00 | NOTE | |
r-oldrel-macos-arm64 | 1.1.0 | 47.00 | NOTE | |||
r-oldrel-windows-x86_64 | 1.1.0 | 9.00 | 107.00 | 116.00 | NOTE |
Version: 1.1.0
Check: LazyData
Result: NOTE
'LazyData' is specified without a 'data' directory
Flavors: r-devel-linux-x86_64-debian-clang, r-devel-linux-x86_64-debian-gcc, r-devel-linux-x86_64-fedora-clang, r-devel-linux-x86_64-fedora-gcc, r-devel-windows-x86_64, r-patched-linux-x86_64, r-release-linux-x86_64, r-release-macos-arm64, r-release-macos-x86_64, r-release-windows-x86_64, r-oldrel-macos-arm64, r-oldrel-windows-x86_64