CRAN Package Check Results for Package RNGforGPD

Last updated on 2023-09-30 08:00:40 CEST.

Flavor Version Tinstall Tcheck Ttotal Status Flags
r-devel-linux-x86_64-debian-clang 1.1.0 7.54 93.98 101.52 NOTE
r-devel-linux-x86_64-debian-gcc 1.1.0 6.02 71.07 77.09 NOTE
r-devel-linux-x86_64-fedora-clang 1.1.0 135.73 NOTE
r-devel-linux-x86_64-fedora-gcc 1.1.0 162.84 NOTE
r-devel-windows-x86_64 1.1.0 8.00 88.00 96.00 NOTE
r-patched-linux-x86_64 1.1.0 8.40 106.75 115.15 NOTE
r-release-linux-x86_64 1.1.0 6.54 107.14 113.68 NOTE
r-release-macos-arm64 1.1.0 50.00 NOTE
r-release-macos-x86_64 1.1.0 77.00 NOTE
r-release-windows-x86_64 1.1.0 10.00 106.00 116.00 NOTE
r-oldrel-macos-arm64 1.1.0 47.00 NOTE
r-oldrel-macos-x86_64 1.1.0 59.00 NOTE
r-oldrel-windows-x86_64 1.1.0 10.00 105.00 115.00 NOTE

Check Details

Version: 1.1.0
Check: LazyData
Result: NOTE
     'LazyData' is specified without a 'data' directory
Flavors: r-devel-linux-x86_64-debian-clang, r-devel-linux-x86_64-debian-gcc, r-devel-linux-x86_64-fedora-clang, r-devel-linux-x86_64-fedora-gcc, r-devel-windows-x86_64, r-patched-linux-x86_64, r-release-linux-x86_64, r-release-macos-arm64, r-release-macos-x86_64, r-release-windows-x86_64, r-oldrel-macos-arm64, r-oldrel-macos-x86_64, r-oldrel-windows-x86_64