Last updated on 2024-03-28 19:48:43 CET.
Flavor | Version | Tinstall | Tcheck | Ttotal | Status | Flags |
---|---|---|---|---|---|---|
r-devel-linux-x86_64-debian-clang | 0.1.4 | 40.47 | 485.87 | 526.34 | OK | |
r-devel-linux-x86_64-debian-gcc | 0.1.4 | 26.76 | 375.05 | 401.81 | OK | |
r-devel-linux-x86_64-fedora-clang | 0.1.4 | 735.28 | NOTE | |||
r-devel-linux-x86_64-fedora-gcc | 0.1.4 | 719.69 | OK | |||
r-devel-windows-x86_64 | 0.1.4 | 34.00 | 386.00 | 420.00 | NOTE | |
r-patched-linux-x86_64 | 0.1.4 | 32.40 | 498.72 | 531.12 | OK | |
r-release-linux-x86_64 | 0.1.4 | 37.68 | 503.83 | 541.51 | OK | |
r-release-macos-arm64 | 0.1.4 | 6.00 | ERROR | |||
r-release-macos-x86_64 | 0.1.4 | 334.00 | NOTE | |||
r-release-windows-x86_64 | 0.1.4 | 47.00 | 500.00 | 547.00 | NOTE | |
r-oldrel-macos-arm64 | 0.1.4 | 190.00 | NOTE | |||
r-oldrel-windows-x86_64 | 0.1.4 | 51.00 | 517.00 | 568.00 | NOTE |
Version: 0.1.4
Check: package dependencies
Result: NOTE
Imports includes 24 non-default packages.
Importing from so many packages makes the package vulnerable to any of
them becoming unavailable. Move as many as possible to Suggests and
use conditionally.
Flavor: r-devel-linux-x86_64-fedora-clang
Version: 0.1.4
Check: installed package size
Result: NOTE
installed size is 5.8Mb
sub-directories of 1Mb or more:
data 3.4Mb
doc 2.2Mb
Flavors: r-devel-linux-x86_64-fedora-clang, r-devel-windows-x86_64, r-release-macos-x86_64, r-release-windows-x86_64, r-oldrel-macos-arm64, r-oldrel-windows-x86_64
Version: 0.1.4
Check: package dependencies
Result: ERROR
Package required but not available: ‘AnnotationHub’
Package suggested but not available for checking: ‘recount3’
See section ‘The DESCRIPTION file’ in the ‘Writing R Extensions’
manual.
Flavor: r-release-macos-arm64
Version: 0.1.4
Check: package dependencies
Result: NOTE
Package suggested but not available for checking: ‘recount3’
Flavors: r-release-macos-x86_64, r-oldrel-macos-arm64