Last updated on 2024-03-28 07:53:01 CET.
Flavor | Version | Tinstall | Tcheck | Ttotal | Status | Flags |
---|---|---|---|---|---|---|
r-devel-linux-x86_64-debian-clang | 4.0.11 | 404.18 | 158.42 | 562.60 | OK | |
r-devel-linux-x86_64-debian-gcc | 4.0.11 | 309.20 | 121.22 | 430.42 | OK | |
r-devel-linux-x86_64-fedora-clang | 4.0.11 | 771.55 | OK | |||
r-devel-linux-x86_64-fedora-gcc | 4.0.11 | 800.16 | OK | |||
r-devel-windows-x86_64 | 4.0.11 | 291.00 | 227.00 | 518.00 | OK | |
r-patched-linux-x86_64 | 4.0.11 | 389.99 | 152.74 | 542.73 | OK | |
r-release-linux-x86_64 | 4.0.11 | 404.31 | 157.12 | 561.43 | OK | |
r-release-macos-arm64 | 4.0.11 | 135.00 | NOTE | |||
r-release-macos-x86_64 | 4.0.11 | 226.00 | NOTE | |||
r-release-windows-x86_64 | 4.0.11 | 356.00 | 235.00 | 591.00 | OK | |
r-oldrel-macos-arm64 | 4.0.11 | 149.00 | NOTE | |||
r-oldrel-windows-x86_64 | 4.0.11 | 342.00 | 221.00 | 563.00 | OK |
Version: 4.0.11
Check: installed package size
Result: NOTE
installed size is 27.5Mb
sub-directories of 1Mb or more:
libs 27.3Mb
Flavors: r-release-macos-arm64, r-release-macos-x86_64, r-oldrel-macos-arm64