Last updated on 2024-03-28 19:48:43 CET.
Flavor | Version | Tinstall | Tcheck | Ttotal | Status | Flags |
---|---|---|---|---|---|---|
r-devel-linux-x86_64-debian-clang | 1.3.1 | 53.87 | 56.37 | 110.24 | OK | |
r-devel-linux-x86_64-debian-gcc | 1.3.1 | 40.32 | 41.69 | 82.01 | OK | |
r-devel-linux-x86_64-fedora-clang | 1.3.1 | 157.04 | OK | |||
r-devel-linux-x86_64-fedora-gcc | 1.3.1 | 143.27 | OK | |||
r-devel-windows-x86_64 | 1.3.1 | 93.00 | 174.00 | 267.00 | OK | |
r-patched-linux-x86_64 | 1.3.1 | 53.29 | 53.92 | 107.21 | OK | |
r-release-linux-x86_64 | 1.3.1 | 45.23 | 54.23 | 99.46 | OK | |
r-release-macos-arm64 | 1.3.1 | 50.00 | NOTE | |||
r-release-macos-x86_64 | 1.3.1 | 75.00 | NOTE | |||
r-release-windows-x86_64 | 1.3.1 | 108.00 | 185.00 | 293.00 | OK | |
r-oldrel-macos-arm64 | 1.3.1 | 46.00 | NOTE | |||
r-oldrel-windows-x86_64 | 1.3.1 | 89.00 | 183.00 | 272.00 | OK |
Version: 1.3.1
Check: installed package size
Result: NOTE
installed size is 5.2Mb
sub-directories of 1Mb or more:
libs 4.8Mb
Flavors: r-release-macos-arm64, r-release-macos-x86_64, r-oldrel-macos-arm64