CRAN Package Check Results for Package RMariaDB

Last updated on 2023-06-03 19:57:24 CEST.

Flavor Version Tinstall Tcheck Ttotal Status Flags
r-devel-linux-x86_64-debian-clang 1.2.2 132.82 56.44 189.26 OK
r-devel-linux-x86_64-debian-gcc 1.2.2 95.54 43.73 139.27 OK
r-devel-linux-x86_64-fedora-clang 1.2.2 284.58 OK
r-devel-linux-x86_64-fedora-gcc 1.2.2 283.33 OK
r-devel-windows-x86_64 1.2.2 189.00 175.00 364.00 OK
r-patched-linux-x86_64 1.2.2 OK
r-release-linux-x86_64 1.2.2 103.01 54.09 157.10 OK
r-release-macos-arm64 1.2.2 64.00 NOTE
r-release-macos-x86_64 1.2.2 119.00 NOTE
r-release-windows-x86_64 1.2.2 251.00 184.00 435.00 OK
r-oldrel-macos-arm64 1.2.2 50.00 NOTE
r-oldrel-macos-x86_64 1.2.2 79.00 NOTE
r-oldrel-windows-x86_64 1.2.2 219.00 184.00 403.00 OK

Check Details

Version: 1.2.2
Check: installed package size
Result: NOTE
     installed size is 6.2Mb
     sub-directories of 1Mb or more:
     libs 5.7Mb
Flavors: r-release-macos-arm64, r-release-macos-x86_64, r-oldrel-macos-arm64, r-oldrel-macos-x86_64