Last updated on 2024-04-17 19:58:50 CEST.
Flavor | Version | Tinstall | Tcheck | Ttotal | Status | Flags |
---|---|---|---|---|---|---|
r-devel-linux-x86_64-debian-clang | 0.1.9 | 189.14 | 54.17 | 243.31 | NOTE | |
r-devel-linux-x86_64-debian-gcc | 0.1.9 | 142.55 | 40.03 | 182.58 | NOTE | |
r-devel-linux-x86_64-fedora-clang | 0.1.9 | 369.39 | NOTE | |||
r-devel-linux-x86_64-fedora-gcc | 0.1.9 | 352.62 | NOTE | |||
r-prerel-macos-arm64 | 0.1.9 | 72.00 | NOTE | |||
r-prerel-windows-x86_64 | 0.1.9 | 139.00 | 92.00 | 231.00 | NOTE | |
r-patched-linux-x86_64 | 0.1.9 | 172.75 | 50.50 | 223.25 | NOTE | |
r-release-linux-x86_64 | 0.1.9 | 175.91 | 50.50 | 226.41 | NOTE | |
r-release-macos-arm64 | 0.1.9 | 83.00 | NOTE | |||
r-release-macos-x86_64 | 0.1.9 | 141.00 | NOTE | |||
r-release-windows-x86_64 | 0.1.9 | 178.00 | 103.00 | 281.00 | NOTE | |
r-oldrel-macos-arm64 | 0.1.9 | 69.00 | OK | |||
r-oldrel-windows-x86_64 | 0.1.9 | 172.00 | 101.00 | 273.00 | OK |
Version: 0.1.9
Check: C++ specification
Result: NOTE
Specified C++11: please drop specification unless essential
Flavors: r-devel-linux-x86_64-debian-clang, r-devel-linux-x86_64-debian-gcc, r-devel-linux-x86_64-fedora-clang, r-devel-linux-x86_64-fedora-gcc, r-prerel-macos-arm64, r-prerel-windows-x86_64, r-patched-linux-x86_64, r-release-linux-x86_64, r-release-macos-arm64, r-release-macos-x86_64, r-release-windows-x86_64