Last updated on 2024-04-18 20:56:00 CEST.
Flavor | Version | Tinstall | Tcheck | Ttotal | Status | Flags |
---|---|---|---|---|---|---|
r-devel-linux-x86_64-debian-clang | 3.1-8 | 26.01 | 79.03 | 105.04 | NOTE | |
r-devel-linux-x86_64-debian-gcc | 3.1-8 | 20.91 | 58.61 | 79.52 | NOTE | |
r-devel-linux-x86_64-fedora-clang | 3.1-8 | 137.85 | NOTE | |||
r-devel-linux-x86_64-fedora-gcc | 3.1-8 | 129.46 | NOTE | |||
r-prerel-macos-arm64 | 3.1-8 | 42.00 | NOTE | |||
r-prerel-windows-x86_64 | 3.1-8 | 22.00 | 91.00 | 113.00 | NOTE | |
r-patched-linux-x86_64 | 3.1-8 | 18.04 | 73.34 | 91.38 | NOTE | |
r-release-linux-x86_64 | 3.1-8 | 18.39 | 76.24 | 94.63 | NOTE | |
r-release-macos-arm64 | 3.1-8 | 49.00 | NOTE | |||
r-release-macos-x86_64 | 3.1-8 | 68.00 | NOTE | |||
r-release-windows-x86_64 | 3.1-8 | 28.00 | 106.00 | 134.00 | NOTE | |
r-oldrel-macos-arm64 | 3.1-8 | 40.00 | OK | |||
r-oldrel-windows-x86_64 | 3.1-8 | 32.00 | 107.00 | 139.00 | OK |
Version: 3.1-8
Check: C++ specification
Result: NOTE
Specified C++11: please drop specification unless essential
Flavors: r-devel-linux-x86_64-debian-clang, r-devel-linux-x86_64-debian-gcc, r-devel-linux-x86_64-fedora-clang, r-devel-linux-x86_64-fedora-gcc, r-prerel-macos-arm64, r-prerel-windows-x86_64, r-patched-linux-x86_64, r-release-linux-x86_64, r-release-macos-arm64, r-release-macos-x86_64, r-release-windows-x86_64