Last updated on 2023-09-25 20:08:58 CEST.
Flavor | Version | Tinstall | Tcheck | Ttotal | Status | Flags |
---|---|---|---|---|---|---|
r-devel-linux-x86_64-debian-clang | 3.1-8 | 26.16 | 81.46 | 107.62 | NOTE | |
r-devel-linux-x86_64-debian-gcc | 3.1-8 | 16.58 | 62.26 | 78.84 | NOTE | |
r-devel-linux-x86_64-fedora-clang | 3.1-8 | 141.71 | NOTE | |||
r-devel-linux-x86_64-fedora-gcc | 3.1-8 | 143.08 | NOTE | |||
r-devel-windows-x86_64 | 3.1-8 | 24.00 | 95.00 | 119.00 | NOTE | |
r-patched-linux-x86_64 | 3.1-8 | 25.16 | 78.25 | 103.41 | NOTE | |
r-release-linux-x86_64 | 3.1-8 | 18.08 | 79.96 | 98.04 | NOTE | |
r-release-macos-arm64 | 3.1-8 | 49.00 | NOTE | |||
r-release-macos-x86_64 | 3.1-8 | 68.00 | NOTE | |||
r-release-windows-x86_64 | 3.1-8 | 31.00 | 105.00 | 136.00 | NOTE | |
r-oldrel-macos-arm64 | 3.1-8 | 40.00 | OK | |||
r-oldrel-macos-x86_64 | 3.1-8 | 65.00 | OK | |||
r-oldrel-windows-x86_64 | 3.1-8 | 30.00 | 105.00 | 135.00 | OK |
Version: 3.1-8
Check: C++ specification
Result: NOTE
Specified C++11: please drop specification unless essential
Flavors: r-devel-linux-x86_64-debian-clang, r-devel-linux-x86_64-debian-gcc, r-devel-linux-x86_64-fedora-clang, r-devel-linux-x86_64-fedora-gcc, r-devel-windows-x86_64, r-patched-linux-x86_64, r-release-linux-x86_64, r-release-macos-arm64, r-release-macos-x86_64, r-release-windows-x86_64