Last updated on 2023-11-30 18:49:42 CET.
Flavor | Version | Tinstall | Tcheck | Ttotal | Status | Flags |
---|---|---|---|---|---|---|
r-devel-linux-x86_64-debian-clang | 1.0.5 | 2.17 | 19.27 | 21.44 | OK | |
r-devel-linux-x86_64-debian-gcc | 1.0.5 | 2.31 | 15.10 | 17.41 | OK | |
r-devel-linux-x86_64-fedora-clang | 1.0.5 | 27.35 | NOTE | |||
r-devel-linux-x86_64-fedora-gcc | 1.0.5 | 25.63 | OK | |||
r-devel-windows-x86_64 | 1.0.5 | 8.00 | 34.00 | 42.00 | NOTE | |
r-patched-linux-x86_64 | 1.0.5 | 3.12 | 19.23 | 22.35 | OK | |
r-release-linux-x86_64 | 1.0.5 | 2.70 | 18.93 | 21.63 | OK | |
r-release-macos-arm64 | 1.0.5 | 13.00 | NOTE | |||
r-release-macos-x86_64 | 1.0.5 | 17.00 | NOTE | |||
r-release-windows-x86_64 | 1.0.5 | 9.00 | 33.00 | 42.00 | NOTE | |
r-oldrel-macos-arm64 | 1.0.5 | 15.00 | NOTE | |||
r-oldrel-macos-x86_64 | 1.0.5 | 23.00 | NOTE | |||
r-oldrel-windows-x86_64 | 1.0.5 | 12.00 | 42.00 | 54.00 | NOTE |
Version: 1.0.5
Check: installed package size
Result: NOTE
installed size is 10.3Mb
sub-directories of 1Mb or more:
datasets 10.2Mb
Flavors: r-devel-linux-x86_64-fedora-clang, r-devel-windows-x86_64, r-release-macos-arm64, r-release-macos-x86_64, r-release-windows-x86_64, r-oldrel-macos-arm64, r-oldrel-macos-x86_64, r-oldrel-windows-x86_64