Last updated on 2024-04-23 07:51:18 CEST.
Flavor | Version | Tinstall | Tcheck | Ttotal | Status | Flags |
---|---|---|---|---|---|---|
r-devel-linux-x86_64-debian-clang | 1.3.4 | 110.36 | 464.55 | 574.91 | OK | |
r-devel-linux-x86_64-debian-gcc | 1.3.4 | 90.42 | 322.88 | 413.30 | OK | |
r-devel-linux-x86_64-fedora-clang | 1.3.4 | 755.43 | NOTE | |||
r-devel-linux-x86_64-fedora-gcc | 1.3.4 | 707.18 | NOTE | |||
r-prerel-macos-arm64 | 1.3.4 | 256.00 | NOTE | |||
r-prerel-windows-x86_64 | 1.3.4 | 140.00 | 485.00 | 625.00 | NOTE | |
r-patched-linux-x86_64 | 1.3.4 | 104.98 | 433.26 | 538.24 | OK | |
r-release-linux-x86_64 | 1.3.4 | 99.92 | 432.35 | 532.27 | OK | |
r-release-macos-arm64 | 1.3.4 | 330.00 | NOTE | |||
r-release-macos-x86_64 | 1.3.4 | 462.00 | NOTE | |||
r-release-windows-x86_64 | 1.3.4 | 144.00 | 503.00 | 647.00 | NOTE | |
r-oldrel-macos-arm64 | 1.3.4 | 285.00 | NOTE | |||
r-oldrel-windows-x86_64 | 1.3.4 | 143.00 | 478.00 | 621.00 | NOTE |
Version: 1.3.4
Check: installed package size
Result: NOTE
installed size is 28.3Mb
sub-directories of 1Mb or more:
R 4.0Mb
exe 23.8Mb
Flavors: r-devel-linux-x86_64-fedora-clang, r-prerel-macos-arm64, r-prerel-windows-x86_64, r-release-macos-arm64, r-release-macos-x86_64, r-release-windows-x86_64, r-oldrel-macos-arm64, r-oldrel-windows-x86_64
Version: 1.3.4
Check: dependencies in R code
Result: NOTE
Namespaces in Imports field not imported from:
‘Matrix’ ‘arules’ ‘pmml’ ‘rJava’
All declared Imports should be used.
Flavors: r-devel-linux-x86_64-fedora-clang, r-devel-linux-x86_64-fedora-gcc