Last updated on 2023-09-29 08:54:09 CEST.
Flavor | Version | Tinstall | Tcheck | Ttotal | Status | Flags |
---|---|---|---|---|---|---|
r-devel-linux-x86_64-debian-clang | 1.3.4 | 106.30 | 459.11 | 565.41 | OK | |
r-devel-linux-x86_64-debian-gcc | 1.3.4 | 86.27 | 322.59 | 408.86 | OK | |
r-devel-linux-x86_64-fedora-clang | 1.3.4 | 723.55 | NOTE | |||
r-devel-linux-x86_64-fedora-gcc | 1.3.4 | 735.37 | NOTE | |||
r-devel-windows-x86_64 | 1.3.4 | 92.00 | 421.00 | 513.00 | NOTE | |
r-patched-linux-x86_64 | 1.3.4 | 105.65 | 440.17 | 545.82 | OK | |
r-release-linux-x86_64 | 1.3.4 | 102.85 | 442.19 | 545.04 | OK | |
r-release-macos-arm64 | 1.3.4 | 330.00 | NOTE | |||
r-release-macos-x86_64 | 1.3.4 | 462.00 | NOTE | |||
r-release-windows-x86_64 | 1.3.4 | 127.00 | 506.00 | 633.00 | NOTE | |
r-oldrel-macos-arm64 | 1.3.4 | 285.00 | NOTE | |||
r-oldrel-macos-x86_64 | 1.3.4 | 330.00 | NOTE | |||
r-oldrel-windows-x86_64 | 1.3.4 | 130.00 | 491.00 | 621.00 | NOTE |
Version: 1.3.4
Check: installed package size
Result: NOTE
installed size is 28.3Mb
sub-directories of 1Mb or more:
R 4.0Mb
exe 23.9Mb
Flavors: r-devel-linux-x86_64-fedora-clang, r-devel-windows-x86_64, r-release-macos-arm64, r-release-macos-x86_64, r-release-windows-x86_64, r-oldrel-macos-arm64, r-oldrel-macos-x86_64, r-oldrel-windows-x86_64
Version: 1.3.4
Check: dependencies in R code
Result: NOTE
Namespaces in Imports field not imported from:
‘Matrix’ ‘arules’ ‘pmml’ ‘rJava’
All declared Imports should be used.
Flavors: r-devel-linux-x86_64-fedora-clang, r-devel-linux-x86_64-fedora-gcc