CRAN Package Check Results for Package RGF

Last updated on 2023-09-20 19:54:53 CEST.

Flavor Version Tinstall Tcheck Ttotal Status Flags
r-devel-linux-x86_64-debian-clang 1.1.1 14.45 105.64 120.09 OK
r-devel-linux-x86_64-debian-gcc 1.1.1 11.55 77.78 89.33 OK
r-devel-linux-x86_64-fedora-clang 1.1.1 270.66 OK
r-devel-linux-x86_64-fedora-gcc 1.1.1 294.07 OK
r-devel-windows-x86_64 1.1.1 32.00 327.00 359.00 OK
r-patched-linux-x86_64 1.1.1 12.03 99.95 111.98 OK
r-release-linux-x86_64 1.1.1 12.50 101.83 114.33 OK
r-release-macos-arm64 1.1.1 54.00 NOTE
r-release-macos-x86_64 1.1.1 82.00 OK
r-release-windows-x86_64 1.1.1 26.00 236.00 262.00 OK
r-oldrel-macos-arm64 1.1.1 44.00 NOTE
r-oldrel-macos-x86_64 1.1.1 59.00 NOTE
r-oldrel-windows-x86_64 1.1.1 26.00 226.00 252.00 OK

Check Details

Version: 1.1.1
Check: whether the namespace can be loaded with stated dependencies
Result: NOTE
    Warning in py_initialize(config$python, config$libpython, config$pythonhome, :
     Python 2 reached EOL on January 1, 2020. Python 2 compatability be removed in an upcoming reticulate release.
    
    A namespace must be able to be loaded with just the base namespace
    loaded: otherwise if the namespace gets loaded by a saved object, the
    session will be unable to start.
    
    Probably some imports need to be declared in the NAMESPACE file.
Flavors: r-release-macos-arm64, r-oldrel-macos-arm64, r-oldrel-macos-x86_64