Last updated on 2024-03-28 07:53:01 CET.
Flavor | Version | Tinstall | Tcheck | Ttotal | Status | Flags |
---|---|---|---|---|---|---|
r-devel-linux-x86_64-debian-clang | 1.1.1 | 13.55 | 100.43 | 113.98 | OK | |
r-devel-linux-x86_64-debian-gcc | 1.1.1 | 10.87 | 77.40 | 88.27 | OK | |
r-devel-linux-x86_64-fedora-clang | 1.1.1 | 145.27 | OK | |||
r-devel-linux-x86_64-fedora-gcc | 1.1.1 | 153.37 | OK | |||
r-devel-windows-x86_64 | 1.1.1 | 35.00 | 319.00 | 354.00 | OK | |
r-patched-linux-x86_64 | 1.1.1 | 12.97 | 97.76 | 110.73 | OK | |
r-release-linux-x86_64 | 1.1.1 | 11.63 | 99.93 | 111.56 | OK | |
r-release-macos-arm64 | 1.1.1 | 54.00 | NOTE | |||
r-release-macos-x86_64 | 1.1.1 | 82.00 | OK | |||
r-release-windows-x86_64 | 1.1.1 | 26.00 | 275.00 | 301.00 | OK | |
r-oldrel-macos-arm64 | 1.1.1 | 44.00 | NOTE | |||
r-oldrel-windows-x86_64 | 1.1.1 | 26.00 | 218.00 | 244.00 | OK |
Version: 1.1.1
Check: whether the namespace can be loaded with stated dependencies
Result: NOTE
Warning in py_initialize(config$python, config$libpython, config$pythonhome, :
Python 2 reached EOL on January 1, 2020. Python 2 compatability be removed in an upcoming reticulate release.
A namespace must be able to be loaded with just the base namespace
loaded: otherwise if the namespace gets loaded by a saved object, the
session will be unable to start.
Probably some imports need to be declared in the NAMESPACE file.
Flavors: r-release-macos-arm64, r-oldrel-macos-arm64