CRAN Package Check Results for Package RGCxGC

Last updated on 2023-06-04 08:57:20 CEST.

Flavor Version Tinstall Tcheck Ttotal Status Flags
r-devel-linux-x86_64-debian-clang 1.2.0 11.71 133.50 145.21 OK
r-devel-linux-x86_64-debian-gcc 1.2.0 6.64 94.15 100.79 OK
r-devel-linux-x86_64-fedora-clang 1.2.0 173.93 NOTE
r-devel-linux-x86_64-fedora-gcc 1.2.0 192.57 OK
r-devel-windows-x86_64 1.2.0 11.00 126.00 137.00 NOTE
r-patched-linux-x86_64 1.2.0 9.87 125.77 135.64 OK
r-release-linux-x86_64 1.2.0 8.85 128.51 137.36 OK
r-release-macos-arm64 1.2.0 64.00 NOTE
r-release-macos-x86_64 1.2.0 100.00 NOTE
r-release-windows-x86_64 1.2.0 12.00 147.00 159.00 NOTE
r-oldrel-macos-arm64 1.2.0 63.00 NOTE
r-oldrel-macos-x86_64 1.2.0 74.00 NOTE
r-oldrel-windows-x86_64 1.2.0 12.00 150.00 162.00 NOTE

Check Details

Version: 1.2.0
Check: installed package size
Result: NOTE
     installed size is 5.4Mb
     sub-directories of 1Mb or more:
     data 1.9Mb
     doc 1.2Mb
     extdata 1.9Mb
Flavors: r-devel-linux-x86_64-fedora-clang, r-devel-windows-x86_64, r-release-macos-arm64, r-release-macos-x86_64, r-release-windows-x86_64, r-oldrel-macos-arm64, r-oldrel-macos-x86_64, r-oldrel-windows-x86_64