Last updated on 2024-04-17 19:58:49 CEST.
Flavor | Version | Tinstall | Tcheck | Ttotal | Status | Flags |
---|---|---|---|---|---|---|
r-devel-linux-x86_64-debian-clang | 1.2.0 | 11.64 | 137.74 | 149.38 | OK | |
r-devel-linux-x86_64-debian-gcc | 1.2.0 | 8.42 | 97.07 | 105.49 | OK | |
r-devel-linux-x86_64-fedora-clang | 1.2.0 | 177.96 | NOTE | |||
r-devel-linux-x86_64-fedora-gcc | 1.2.0 | 181.65 | OK | |||
r-prerel-macos-arm64 | 1.2.0 | 56.00 | NOTE | |||
r-prerel-windows-x86_64 | 1.2.0 | 9.00 | 129.00 | 138.00 | NOTE | |
r-patched-linux-x86_64 | 1.2.0 | 9.03 | 133.30 | 142.33 | OK | |
r-release-linux-x86_64 | 1.2.0 | 11.06 | 131.49 | 142.55 | OK | |
r-release-macos-arm64 | 1.2.0 | 64.00 | NOTE | |||
r-release-macos-x86_64 | 1.2.0 | 100.00 | NOTE | |||
r-release-windows-x86_64 | 1.2.0 | 13.00 | 145.00 | 158.00 | NOTE | |
r-oldrel-macos-arm64 | 1.2.0 | 63.00 | NOTE | |||
r-oldrel-windows-x86_64 | 1.2.0 | 12.00 | 144.00 | 156.00 | NOTE |
Version: 1.2.0
Check: installed package size
Result: NOTE
installed size is 5.4Mb
sub-directories of 1Mb or more:
data 1.9Mb
doc 1.2Mb
extdata 1.9Mb
Flavors: r-devel-linux-x86_64-fedora-clang, r-prerel-macos-arm64, r-prerel-windows-x86_64, r-release-macos-arm64, r-release-macos-x86_64, r-release-windows-x86_64, r-oldrel-macos-arm64, r-oldrel-windows-x86_64