Last updated on 2024-04-20 07:56:20 CEST.
Flavor | Version | Tinstall | Tcheck | Ttotal | Status | Flags |
---|---|---|---|---|---|---|
r-devel-linux-x86_64-debian-clang | 0.9.8 | 11.83 | 110.60 | 122.43 | OK | |
r-devel-linux-x86_64-debian-gcc | 0.9.8 | 7.79 | 86.70 | 94.49 | OK | |
r-devel-linux-x86_64-fedora-clang | 0.9.8 | 152.42 | NOTE | |||
r-devel-linux-x86_64-fedora-gcc | 0.9.8 | 154.94 | NOTE | |||
r-prerel-macos-arm64 | 0.9.8 | 53.00 | OK | |||
r-prerel-macos-x86_64 | 0.9.8 | 148.00 | OK | |||
r-prerel-windows-x86_64 | 0.9.8 | 9.00 | 98.00 | 107.00 | OK | |
r-patched-linux-x86_64 | 0.9.8 | 6.64 | 104.87 | 111.51 | OK | |
r-release-linux-x86_64 | 0.9.8 | 9.10 | 106.10 | 115.20 | OK | |
r-release-macos-arm64 | 0.9.8 | 60.00 | OK | |||
r-release-macos-x86_64 | 0.9.8 | 120.00 | OK | |||
r-release-windows-x86_64 | 0.9.8 | 12.00 | 114.00 | 126.00 | OK | |
r-oldrel-macos-arm64 | 0.9.8 | 65.00 | OK | |||
r-oldrel-windows-x86_64 | 0.9.8 | 11.00 | 133.00 | 144.00 | OK |
Version: 0.9.8
Check: data for non-ASCII characters
Result: NOTE
Note: found 1 marked UTF-8 string
Flavors: r-devel-linux-x86_64-fedora-clang, r-devel-linux-x86_64-fedora-gcc