Last updated on 2024-04-17 19:58:49 CEST.
Flavor | Version | Tinstall | Tcheck | Ttotal | Status | Flags |
---|---|---|---|---|---|---|
r-devel-linux-x86_64-debian-clang | 1.0 | 33.67 | 68.07 | 101.74 | NOTE | |
r-devel-linux-x86_64-debian-gcc | 1.0 | 31.79 | 50.48 | 82.27 | NOTE | |
r-devel-linux-x86_64-fedora-clang | 1.0 | 138.16 | NOTE | |||
r-devel-linux-x86_64-fedora-gcc | 1.0 | 129.25 | NOTE | |||
r-prerel-macos-arm64 | 1.0 | 37.00 | NOTE | |||
r-prerel-windows-x86_64 | 1.0 | 29.00 | 72.00 | 101.00 | NOTE | |
r-patched-linux-x86_64 | 1.0 | 43.83 | 63.03 | 106.86 | NOTE | |
r-release-linux-x86_64 | 1.0 | 33.64 | 64.30 | 97.94 | NOTE | |
r-release-macos-arm64 | 1.0 | 39.00 | NOTE | |||
r-release-macos-x86_64 | 1.0 | 67.00 | NOTE | |||
r-release-windows-x86_64 | 1.0 | 43.00 | 86.00 | 129.00 | NOTE | |
r-oldrel-macos-arm64 | 1.0 | 35.00 | NOTE | |||
r-oldrel-windows-x86_64 | 1.0 | 41.00 | 80.00 | 121.00 | NOTE |
Version: 1.0
Check: LazyData
Result: NOTE
'LazyData' is specified without a 'data' directory
Flavors: r-devel-linux-x86_64-debian-clang, r-devel-linux-x86_64-debian-gcc, r-devel-linux-x86_64-fedora-clang, r-devel-linux-x86_64-fedora-gcc, r-prerel-macos-arm64, r-prerel-windows-x86_64, r-patched-linux-x86_64, r-release-linux-x86_64, r-release-macos-arm64, r-release-macos-x86_64, r-release-windows-x86_64, r-oldrel-macos-arm64, r-oldrel-windows-x86_64