Last updated on 2023-09-22 19:54:41 CEST.
Flavor | Version | Tinstall | Tcheck | Ttotal | Status | Flags |
---|---|---|---|---|---|---|
r-devel-linux-x86_64-debian-clang | 0.1.4 | 7.03 | 56.65 | 63.68 | NOTE | |
r-devel-linux-x86_64-debian-gcc | 0.1.4 | 5.50 | 41.79 | 47.29 | NOTE | |
r-devel-linux-x86_64-fedora-clang | 0.1.4 | 76.43 | NOTE | |||
r-devel-linux-x86_64-fedora-gcc | 0.1.4 | 90.52 | NOTE | |||
r-devel-windows-x86_64 | 0.1.4 | 8.00 | 63.00 | 71.00 | NOTE | |
r-patched-linux-x86_64 | 0.1.4 | 4.98 | 52.62 | 57.60 | NOTE | |
r-release-linux-x86_64 | 0.1.4 | 4.11 | 52.96 | 57.07 | NOTE | |
r-release-macos-arm64 | 0.1.4 | 35.00 | NOTE | |||
r-release-macos-x86_64 | 0.1.4 | 51.00 | NOTE | |||
r-release-windows-x86_64 | 0.1.4 | 9.00 | 69.00 | 78.00 | NOTE | |
r-oldrel-macos-arm64 | 0.1.4 | 29.00 | NOTE | |||
r-oldrel-macos-x86_64 | 0.1.4 | 46.00 | NOTE | |||
r-oldrel-windows-x86_64 | 0.1.4 | 10.00 | 71.00 | 81.00 | NOTE |
Version: 0.1.4
Check: LazyData
Result: NOTE
'LazyData' is specified without a 'data' directory
Flavors: r-devel-linux-x86_64-debian-clang, r-devel-linux-x86_64-debian-gcc, r-devel-linux-x86_64-fedora-clang, r-devel-linux-x86_64-fedora-gcc, r-devel-windows-x86_64, r-patched-linux-x86_64, r-release-linux-x86_64, r-release-macos-arm64, r-release-macos-x86_64, r-release-windows-x86_64, r-oldrel-macos-arm64, r-oldrel-macos-x86_64, r-oldrel-windows-x86_64