Last updated on 2024-03-29 07:54:53 CET.
Flavor | Version | Tinstall | Tcheck | Ttotal | Status | Flags |
---|---|---|---|---|---|---|
r-devel-linux-x86_64-debian-clang | 1.7-3 | 261.07 | 263.85 | 524.92 | NOTE | |
r-devel-linux-x86_64-debian-gcc | 1.7-3 | 203.86 | 203.14 | 407.00 | NOTE | |
r-devel-linux-x86_64-fedora-clang | 1.7-3 | 645.89 | NOTE | |||
r-devel-linux-x86_64-fedora-gcc | 1.7-3 | 732.48 | NOTE | |||
r-devel-windows-x86_64 | 1.7-3 | 169.00 | 242.00 | 411.00 | NOTE | |
r-patched-linux-x86_64 | 1.7-3 | 187.61 | 273.59 | 461.20 | NOTE | |
r-release-linux-x86_64 | 1.7-3 | 176.74 | 270.74 | 447.48 | NOTE | |
r-release-macos-arm64 | 1.7-3 | 130.00 | NOTE | |||
r-release-macos-x86_64 | 1.7-3 | 326.00 | NOTE | |||
r-release-windows-x86_64 | 1.7-3 | 225.00 | 292.00 | 517.00 | NOTE | |
r-oldrel-macos-arm64 | 1.7-3 | 132.00 | NOTE | |||
r-oldrel-windows-x86_64 | 1.7-3 | 214.00 | 274.00 | 488.00 | NOTE |
Version: 1.7-3
Check: for GNU extensions in Makefiles
Result: NOTE
GNU make is a SystemRequirements.
Flavors: r-devel-linux-x86_64-debian-clang, r-devel-linux-x86_64-debian-gcc, r-devel-linux-x86_64-fedora-clang, r-devel-linux-x86_64-fedora-gcc, r-devel-windows-x86_64, r-patched-linux-x86_64, r-release-linux-x86_64, r-release-macos-arm64, r-release-macos-x86_64, r-release-windows-x86_64, r-oldrel-macos-arm64, r-oldrel-windows-x86_64
Version: 1.7-3
Check: installed package size
Result: NOTE
installed size is 57.1Mb
sub-directories of 1Mb or more:
libs 55.1Mb
Flavors: r-release-macos-arm64, r-release-macos-x86_64, r-oldrel-macos-arm64