Last updated on 2024-03-28 19:48:42 CET.
Flavor | Version | Tinstall | Tcheck | Ttotal | Status | Flags |
---|---|---|---|---|---|---|
r-devel-linux-x86_64-debian-clang | 1.3.1 | 19.70 | 192.74 | 212.44 | OK | |
r-devel-linux-x86_64-debian-gcc | 1.3.1 | 14.21 | 152.20 | 166.41 | OK | |
r-devel-linux-x86_64-fedora-clang | 1.3.1 | 157.76 | NOTE | |||
r-devel-linux-x86_64-fedora-gcc | 1.3.1 | 166.37 | NOTE | |||
r-devel-windows-x86_64 | 1.3.1 | 16.00 | 162.00 | 178.00 | OK | |
r-patched-linux-x86_64 | 1.3.1 | 18.66 | 188.17 | 206.83 | OK | |
r-release-linux-x86_64 | 1.3.1 | 16.26 | 188.20 | 204.46 | OK | |
r-release-macos-arm64 | 1.3.1 | 70.00 | NOTE | |||
r-release-macos-x86_64 | 1.3.1 | 103.00 | NOTE | |||
r-release-windows-x86_64 | 1.3.1 | 19.00 | 201.00 | 220.00 | OK | |
r-oldrel-macos-arm64 | 1.3.1 | 74.00 | OK | |||
r-oldrel-windows-x86_64 | 1.3.1 | 22.00 | 179.00 | 201.00 | OK |
Version: 1.3.1
Check: package dependencies
Result: NOTE
Packages suggested but not available for checking: 'xcms', 'MSnbase'
Flavors: r-devel-linux-x86_64-fedora-clang, r-devel-linux-x86_64-fedora-gcc, r-release-macos-arm64, r-release-macos-x86_64