Last updated on 2024-04-19 19:50:24 CEST.
Flavor | Version | Tinstall | Tcheck | Ttotal | Status | Flags |
---|---|---|---|---|---|---|
r-devel-linux-x86_64-debian-clang | 2.5.1 | 1.78 | 34.23 | 36.01 | OK | |
r-devel-linux-x86_64-debian-gcc | 2.5.1 | OK | ||||
r-devel-linux-x86_64-fedora-clang | 2.5.1 | 45.15 | OK | |||
r-devel-linux-x86_64-fedora-gcc | 2.5.1 | 42.54 | OK | |||
r-prerel-macos-arm64 | 2.5.1 | 18.00 | OK | |||
r-prerel-macos-x86_64 | 2.5.1 | 20.00 | ERROR | |||
r-prerel-windows-x86_64 | 2.5.1 | 3.00 | 51.00 | 54.00 | OK | |
r-patched-linux-x86_64 | 2.5.1 | 1.87 | 32.57 | 34.44 | OK | |
r-release-linux-x86_64 | 2.5.1 | 1.57 | 32.00 | 33.57 | OK | |
r-release-macos-arm64 | 2.5.1 | 22.00 | OK | |||
r-release-macos-x86_64 | 2.5.1 | 25.00 | OK | |||
r-release-windows-x86_64 | 2.5.1 | 4.00 | 52.00 | 56.00 | OK | |
r-oldrel-macos-arm64 | 2.5.1 | 20.00 | OK | |||
r-oldrel-windows-x86_64 | 2.5.1 | 5.00 | 57.00 | 62.00 | OK |
Version: 2.5.1
Check: package dependencies
Result: NOTE
Packages suggested but not available for checking: 'testthat', 'pryr'
Flavor: r-prerel-macos-x86_64
Version: 2.5.1
Check: tests
Result: ERROR
Running ‘testthat.R’ [0s/0s]
Running the tests in ‘tests/testthat.R’ failed.
Complete output:
> library(testthat)
Error in library(testthat) : there is no package called 'testthat'
Execution halted
* checking PDF version of manual ...* using check arguments '--no-clean-on-error '
Flavor: r-prerel-macos-x86_64