Last updated on 2024-04-17 19:58:48 CEST.
Flavor | Version | Tinstall | Tcheck | Ttotal | Status | Flags |
---|---|---|---|---|---|---|
r-devel-linux-x86_64-debian-clang | 0.7.16.3 | 5.13 | 61.96 | 67.09 | NOTE | |
r-devel-linux-x86_64-debian-gcc | 0.7.16.3 | 4.18 | 46.65 | 50.83 | NOTE | |
r-devel-linux-x86_64-fedora-clang | 0.7.16.3 | 85.36 | NOTE | |||
r-devel-linux-x86_64-fedora-gcc | 0.7.16.3 | 90.37 | NOTE | |||
r-prerel-macos-arm64 | 0.7.16.3 | 33.00 | NOTE | |||
r-prerel-windows-x86_64 | 0.7.16.3 | 6.00 | 86.00 | 92.00 | NOTE | |
r-patched-linux-x86_64 | 0.7.16.3 | 4.67 | 59.86 | 64.53 | NOTE | |
r-release-linux-x86_64 | 0.7.16.3 | 5.17 | 58.33 | 63.50 | OK | |
r-release-macos-arm64 | 0.7.16.3 | 35.00 | OK | |||
r-release-macos-x86_64 | 0.7.16.3 | 54.00 | OK | |||
r-release-windows-x86_64 | 0.7.16.3 | 6.00 | 88.00 | 94.00 | OK | |
r-oldrel-macos-arm64 | 0.7.16.3 | 30.00 | OK | |||
r-oldrel-windows-x86_64 | 0.7.16.3 | 6.00 | 87.00 | 93.00 | OK |
Version: 0.7.16.3
Check: Rd files
Result: NOTE
checkRd: (-1) do_admb.Rd:20: Lost braces in \itemize; meant \describe ?
checkRd: (-1) do_admb.Rd:21: Lost braces in \itemize; meant \describe ?
checkRd: (-1) do_admb.Rd:49: Lost braces in \itemize; meant \describe ?
checkRd: (-1) read_pars.Rd:30: Lost braces in \itemize; \value handles \item{}{} directly
checkRd: (-1) read_pars.Rd:31: Lost braces in \itemize; \value handles \item{}{} directly
checkRd: (-1) read_pars.Rd:32: Lost braces in \itemize; \value handles \item{}{} directly
checkRd: (-1) read_pars.Rd:33: Lost braces in \itemize; \value handles \item{}{} directly
checkRd: (-1) read_pars.Rd:34: Lost braces in \itemize; \value handles \item{}{} directly
checkRd: (-1) read_pars.Rd:35: Lost braces in \itemize; \value handles \item{}{} directly
checkRd: (-1) read_pars.Rd:36: Lost braces in \itemize; \value handles \item{}{} directly
checkRd: (-1) read_pars.Rd:37: Lost braces in \itemize; \value handles \item{}{} directly
checkRd: (-1) read_pars.Rd:38: Lost braces in \itemize; \value handles \item{}{} directly
checkRd: (-1) read_pars.Rd:39: Lost braces in \itemize; \value handles \item{}{} directly
Flavors: r-devel-linux-x86_64-debian-clang, r-devel-linux-x86_64-debian-gcc, r-devel-linux-x86_64-fedora-clang, r-devel-linux-x86_64-fedora-gcc, r-prerel-macos-arm64, r-prerel-windows-x86_64, r-patched-linux-x86_64