Last updated on 2023-09-28 19:59:50 CEST.
Flavor | Version | Tinstall | Tcheck | Ttotal | Status | Flags |
---|---|---|---|---|---|---|
r-devel-linux-x86_64-debian-clang | 3.2-3.2.1 | 4.24 | 47.96 | 52.20 | NOTE | |
r-devel-linux-x86_64-debian-gcc | 3.2-3.2.1 | 3.62 | 36.82 | 40.44 | NOTE | |
r-devel-linux-x86_64-fedora-clang | 3.2-3.2.1 | 67.27 | OK | |||
r-devel-linux-x86_64-fedora-gcc | 3.2-3.2.1 | 78.19 | OK | |||
r-devel-windows-x86_64 | 3.2-3.2.1 | 4.00 | 81.00 | 85.00 | OK | |
r-patched-linux-x86_64 | 3.2-3.2.1 | 6.04 | 46.71 | 52.75 | NOTE | |
r-release-linux-x86_64 | 3.2-3.2.1 | 4.11 | 46.88 | 50.99 | NOTE | |
r-release-macos-arm64 | 3.2-3.2.1 | 31.00 | OK | |||
r-release-macos-x86_64 | 3.2-3.2.1 | 46.00 | OK | |||
r-release-windows-x86_64 | 3.2-3.2.1 | 6.00 | 78.00 | 84.00 | OK | |
r-oldrel-macos-arm64 | 3.2-3.2.1 | 26.00 | OK | |||
r-oldrel-macos-x86_64 | 3.2-3.2.1 | 34.00 | OK | |||
r-oldrel-windows-x86_64 | 3.2-3.2.1 | 6.00 | 79.00 | 85.00 | OK |
Version: 3.2-3.2.1
Check: R code for possible problems
Result: NOTE
Found the following calls to attach():
File ‘R2OpenBUGS/R/attach.all.R’:
attach(x, name = name)
See section ‘Good practice’ in ‘?attach’.
Flavors: r-devel-linux-x86_64-debian-clang, r-devel-linux-x86_64-debian-gcc, r-patched-linux-x86_64, r-release-linux-x86_64