CRAN Package Check Results for Package R0

Last updated on 2024-06-20 08:54:56 CEST.

Flavor Version Tinstall Tcheck Ttotal Status Flags
r-devel-linux-x86_64-debian-clang 1.3-1 4.67 66.69 71.36 NOTE
r-devel-linux-x86_64-debian-gcc 1.3-1 4.06 48.29 52.35 NOTE
r-devel-linux-x86_64-fedora-clang 1.3-1 87.46 NOTE
r-devel-linux-x86_64-fedora-gcc 1.3-1 84.89 NOTE
r-devel-windows-x86_64 1.3-1 6.00 83.00 89.00 NOTE
r-patched-linux-x86_64 1.3-1 6.02 63.09 69.11 NOTE
r-release-linux-x86_64 1.3-1 4.89 63.81 68.70 NOTE
r-release-macos-arm64 1.3-1 30.00 NOTE
r-release-macos-x86_64 1.3-1 43.00 NOTE
r-release-windows-x86_64 1.3-1 5.00 80.00 85.00 NOTE
r-oldrel-macos-arm64 1.3-1 29.00 OK
r-oldrel-macos-x86_64 1.3-1 70.00 OK
r-oldrel-windows-x86_64 1.3-1 7.00 85.00 92.00 OK

Check Details

Version: 1.3-1
Check: Rd files
Result: NOTE checkRd: (-1) est.R0.ML.Rd:98: Lost braces 98 | Supplementary Material S1 from \doi{10.1186/1472-6947-12-147}{Obadia et al., 2012}. | ^ checkRd: (-1) plot.R0.R.Rd:20: Lost braces 20 | Called for side effect. Draws all \eqn{R_{0}} or /eqn{R(t)} values from one estimation method. | ^ checkRd: (-1) plot.R0.sR.Rd:20: Lost braces 20 | Called for side effect. Draws all \eqn{R_{0}} or /eqn{R(t)} values from an | ^ Flavors: r-devel-linux-x86_64-debian-clang, r-devel-linux-x86_64-debian-gcc, r-devel-linux-x86_64-fedora-clang, r-devel-linux-x86_64-fedora-gcc, r-devel-windows-x86_64, r-patched-linux-x86_64, r-release-linux-x86_64, r-release-macos-arm64, r-release-macos-x86_64, r-release-windows-x86_64

Version: 1.3-1
Check: Rd cross-references
Result: NOTE Undeclared package ‘epitools’ in Rd xrefs Flavor: r-devel-linux-x86_64-fedora-clang