CRAN Package Check Results for Package R.temis

Last updated on 2023-09-22 19:54:41 CEST.

Flavor Version Tinstall Tcheck Ttotal Status Flags
r-devel-linux-x86_64-debian-clang 0.1.3 10.88 156.22 167.10 OK
r-devel-linux-x86_64-debian-gcc 0.1.3 8.04 112.69 120.73 OK
r-devel-linux-x86_64-fedora-clang 0.1.3 198.59 NOTE
r-devel-linux-x86_64-fedora-gcc 0.1.3 203.58 NOTE
r-devel-windows-x86_64 0.1.3 13.00 130.00 143.00 OK
r-patched-linux-x86_64 0.1.3 18.51 150.14 168.65 OK
r-release-linux-x86_64 0.1.3 6.68 148.07 154.75 OK
r-release-macos-arm64 0.1.3 62.00 OK
r-release-macos-x86_64 0.1.3 110.00 OK
r-release-windows-x86_64 0.1.3 17.00 153.00 170.00 OK
r-oldrel-macos-arm64 0.1.3 35.00 NOTE
r-oldrel-macos-x86_64 0.1.3 80.00 NOTE
r-oldrel-windows-x86_64 0.1.3 18.00 153.00 171.00 OK

Check Details

Version: 0.1.3
Check: dependencies in R code
Result: NOTE
    Namespace in Imports field not imported from: ‘testthat’
     All declared Imports should be used.
Flavors: r-devel-linux-x86_64-fedora-clang, r-devel-linux-x86_64-fedora-gcc, r-oldrel-macos-arm64, r-oldrel-macos-x86_64