Last updated on 2024-04-23 07:51:15 CEST.
Flavor | Version | Tinstall | Tcheck | Ttotal | Status | Flags |
---|---|---|---|---|---|---|
r-devel-linux-x86_64-debian-clang | 1.1.1 | 45.30 | 365.96 | 411.26 | OK | |
r-devel-linux-x86_64-debian-gcc | 1.1.1 | 34.14 | 255.43 | 289.57 | OK | |
r-devel-linux-x86_64-fedora-clang | 1.1.1 | 544.63 | NOTE | |||
r-devel-linux-x86_64-fedora-gcc | 1.1.1 | 520.10 | OK | |||
r-prerel-macos-arm64 | 1.1.1 | 174.00 | NOTE | |||
r-prerel-macos-x86_64 | 1.1.1 | 192.00 | NOTE | |||
r-prerel-windows-x86_64 | 1.1.1 | 38.00 | 255.00 | 293.00 | NOTE | |
r-patched-linux-x86_64 | 1.1.1 | 44.04 | 349.80 | 393.84 | OK | |
r-release-linux-x86_64 | 1.1.1 | 39.47 | 352.85 | 392.32 | OK | |
r-release-macos-arm64 | 1.1.1 | 134.00 | NOTE | |||
r-release-macos-x86_64 | 1.1.1 | 194.00 | NOTE | |||
r-release-windows-x86_64 | 1.1.1 | 48.00 | 344.00 | 392.00 | NOTE | |
r-oldrel-macos-arm64 | 1.1.1 | 129.00 | NOTE | |||
r-oldrel-windows-x86_64 | 1.1.1 | 49.00 | 325.00 | 374.00 | NOTE |
Version: 1.1.1
Check: installed package size
Result: NOTE
installed size is 5.3Mb
sub-directories of 1Mb or more:
doc 2.1Mb
shiny_app 1.2Mb
Flavors: r-devel-linux-x86_64-fedora-clang, r-prerel-macos-arm64, r-prerel-macos-x86_64, r-prerel-windows-x86_64, r-release-macos-arm64, r-release-macos-x86_64, r-release-windows-x86_64, r-oldrel-macos-arm64, r-oldrel-windows-x86_64