Last updated on 2023-11-30 07:52:46 CET.
Flavor | Version | Tinstall | Tcheck | Ttotal | Status | Flags |
---|---|---|---|---|---|---|
r-devel-linux-x86_64-debian-clang | 1.0.8 | 67.92 | 33.89 | 101.81 | NOTE | |
r-devel-linux-x86_64-debian-gcc | 1.0.8 | 59.77 | 25.84 | 85.61 | NOTE | |
r-devel-linux-x86_64-fedora-clang | 1.0.8 | 132.49 | NOTE | |||
r-devel-linux-x86_64-fedora-gcc | 1.0.8 | 158.82 | NOTE | |||
r-devel-windows-x86_64 | 1.0.8 | 59.00 | 91.00 | 150.00 | NOTE | |
r-patched-linux-x86_64 | 1.0.8 | 64.16 | 32.56 | 96.72 | NOTE | |
r-release-linux-x86_64 | 1.0.8 | 69.62 | 32.86 | 102.48 | NOTE | |
r-release-macos-arm64 | 1.0.8 | 58.00 | NOTE | |||
r-release-macos-x86_64 | 1.0.8 | 122.00 | NOTE | |||
r-release-windows-x86_64 | 1.0.8 | 82.00 | 79.00 | 161.00 | NOTE | |
r-oldrel-macos-arm64 | 1.0.8 | 58.00 | NOTE | |||
r-oldrel-macos-x86_64 | 1.0.7 | 71.00 | NOTE | |||
r-oldrel-windows-x86_64 | 1.0.8 | 72.00 | 77.00 | 149.00 | NOTE |
Version: 1.0.8
Check: for GNU extensions in Makefiles
Result: NOTE
GNU make is a SystemRequirements.
Flavors: r-devel-linux-x86_64-debian-clang, r-devel-linux-x86_64-debian-gcc, r-devel-linux-x86_64-fedora-clang, r-devel-linux-x86_64-fedora-gcc, r-devel-windows-x86_64, r-patched-linux-x86_64, r-release-linux-x86_64, r-release-macos-arm64, r-release-macos-x86_64, r-release-windows-x86_64, r-oldrel-macos-arm64, r-oldrel-windows-x86_64
Version: 1.0.8
Check: installed package size
Result: NOTE
installed size is 11.1Mb
sub-directories of 1Mb or more:
lib 5.1Mb
libs 5.4Mb
Flavors: r-release-macos-arm64, r-release-macos-x86_64, r-oldrel-macos-arm64
Version: 1.0.7
Check: installed package size
Result: NOTE
installed size is 13.4Mb
sub-directories of 1Mb or more:
lib 6.2Mb
libs 6.7Mb
Flavor: r-oldrel-macos-x86_64
Version: 1.0.7
Check: for GNU extensions in Makefiles
Result: NOTE
GNU make is a SystemRequirements.
Flavor: r-oldrel-macos-x86_64