Last updated on 2023-09-22 19:54:40 CEST.
Flavor | Version | Tinstall | Tcheck | Ttotal | Status | Flags |
---|---|---|---|---|---|---|
r-devel-linux-x86_64-debian-clang | 0.1.3 | 28.17 | 209.15 | 237.32 | OK | |
r-devel-linux-x86_64-debian-gcc | 0.1.3 | 21.37 | 155.46 | 176.83 | OK | |
r-devel-linux-x86_64-fedora-clang | 0.1.3 | 275.14 | OK | |||
r-devel-linux-x86_64-fedora-gcc | 0.1.3 | 312.50 | OK | |||
r-devel-windows-x86_64 | 0.1.3 | 24.00 | 173.00 | 197.00 | OK | |
r-patched-linux-x86_64 | 0.1.3 | 18.28 | 192.21 | 210.49 | OK | |
r-release-linux-x86_64 | 0.1.3 | 17.50 | 192.93 | 210.43 | OK | |
r-release-macos-arm64 | 0.1.3 | 89.00 | OK | |||
r-release-macos-x86_64 | 0.1.3 | 153.00 | NOTE | |||
r-release-windows-x86_64 | 0.1.3 | 29.00 | 208.00 | 237.00 | OK | |
r-oldrel-macos-arm64 | 0.1.3 | 77.00 | ERROR | |||
r-oldrel-macos-x86_64 | 0.1.3 | 111.00 | ERROR | |||
r-oldrel-windows-x86_64 | 0.1.3 | 32.00 | 194.00 | 226.00 | OK |
Version: 0.1.3
Check: package dependencies
Result: NOTE
Packages suggested but not available for checking: 'gk', 'OpVaR'
Flavor: r-release-macos-x86_64
Version: 0.1.3
Check: Rd cross-references
Result: NOTE
Packages unavailable to check Rd xrefs: ‘gk’, ‘OpVaR’
Flavor: r-release-macos-x86_64
Version: 0.1.3
Check: PDF version of manual
Result: WARN
LaTeX errors when creating PDF version.
This typically indicates Rd problems.
LaTeX errors found:
! Undefined control sequence.
<argument> K_\text
{max}
l.2230 ...to a user-specified \eqn{K_\text{max}}{}
)
! Undefined control sequence.
<argument> K_\text
{max}
l.2256 ...er}{integer} scalar \eqn{K_\text{max}}{}
,
! Undefined control sequence.
<argument> K^c+1=K_\text
{max}
l.2282 ...is stopped if \eqn{K^c+1=K_\text{max}}{}
,
Flavors: r-oldrel-macos-arm64, r-oldrel-macos-x86_64
Version: 0.1.3
Check: PDF version of manual without index
Result: ERROR
Flavors: r-oldrel-macos-arm64, r-oldrel-macos-x86_64