CRAN Package Check Results for Package QUALYPSO

Last updated on 2023-06-05 08:53:37 CEST.

Flavor Version Tinstall Tcheck Ttotal Status Flags
r-devel-linux-x86_64-debian-clang 2.0 4.20 42.96 47.16 OK
r-devel-linux-x86_64-debian-gcc 2.0 3.36 33.20 36.56 OK
r-devel-linux-x86_64-fedora-clang 2.0 59.30 NOTE
r-devel-linux-x86_64-fedora-gcc 2.0 55.94 NOTE
r-devel-windows-x86_64 2.0 5.00 56.00 61.00 OK
r-patched-linux-x86_64 2.0 3.15 40.54 43.69 OK
r-release-linux-x86_64 2.0 3.38 41.70 45.08 OK
r-release-macos-arm64 2.0 24.00 OK
r-release-macos-x86_64 2.0 31.00 OK
r-release-windows-x86_64 2.0 7.00 59.00 66.00 OK
r-oldrel-macos-arm64 2.0 21.00 NOTE
r-oldrel-macos-x86_64 2.0 30.00 NOTE
r-oldrel-windows-x86_64 2.0 6.00 61.00 67.00 OK

Check Details

Version: 2.0
Check: dependencies in R code
Result: NOTE
    Namespace in Imports field not imported from: ‘methods’
     All declared Imports should be used.
Flavors: r-devel-linux-x86_64-fedora-clang, r-devel-linux-x86_64-fedora-gcc, r-oldrel-macos-arm64, r-oldrel-macos-x86_64