Last updated on 2023-09-28 19:59:50 CEST.
Flavor | Version | Tinstall | Tcheck | Ttotal | Status | Flags |
---|---|---|---|---|---|---|
r-devel-linux-x86_64-debian-clang | 0.1.1 | 10.20 | 120.49 | 130.69 | NOTE | |
r-devel-linux-x86_64-debian-gcc | 0.1.1 | 8.53 | 91.75 | 100.28 | NOTE | |
r-devel-linux-x86_64-fedora-clang | 0.1.1 | 165.84 | NOTE | |||
r-devel-linux-x86_64-fedora-gcc | 0.1.1 | 169.24 | NOTE | |||
r-devel-windows-x86_64 | 0.1.1 | 10.00 | 106.00 | 116.00 | NOTE | |
r-patched-linux-x86_64 | 0.1.1 | 10.12 | 118.76 | 128.88 | NOTE | |
r-release-linux-x86_64 | 0.1.1 | 10.44 | 119.78 | 130.22 | NOTE | |
r-release-macos-arm64 | 0.1.1 | 54.00 | NOTE | |||
r-release-macos-x86_64 | 0.1.1 | 85.00 | NOTE | |||
r-release-windows-x86_64 | 0.1.1 | 13.00 | 128.00 | 141.00 | NOTE | |
r-oldrel-macos-arm64 | 0.1.1 | 63.00 | NOTE | |||
r-oldrel-macos-x86_64 | 0.1.1 | 65.00 | NOTE | |||
r-oldrel-windows-x86_64 | 0.1.1 | 12.00 | 127.00 | 139.00 | NOTE |
Version: 0.1.1
Check: LazyData
Result: NOTE
'LazyData' is specified without a 'data' directory
Flavors: r-devel-linux-x86_64-debian-clang, r-devel-linux-x86_64-debian-gcc, r-devel-linux-x86_64-fedora-clang, r-devel-linux-x86_64-fedora-gcc, r-devel-windows-x86_64, r-patched-linux-x86_64, r-release-linux-x86_64, r-release-macos-arm64, r-release-macos-x86_64, r-release-windows-x86_64, r-oldrel-macos-arm64, r-oldrel-macos-x86_64, r-oldrel-windows-x86_64
Version: 0.1.1
Check: dependencies in R code
Result: NOTE
Namespace in Imports field not imported from: ‘MatrixModels’
All declared Imports should be used.
Flavors: r-devel-linux-x86_64-fedora-clang, r-devel-linux-x86_64-fedora-gcc, r-oldrel-macos-arm64, r-oldrel-macos-x86_64
Version: 0.1.1
Check: package dependencies
Result: NOTE
Packages suggested but not available for checking:
'faraway', 'quantoptr', 'survminer'
Flavor: r-release-macos-x86_64