Last updated on 2023-06-04 08:57:18 CEST.
Flavor | Version | Tinstall | Tcheck | Ttotal | Status | Flags |
---|---|---|---|---|---|---|
r-devel-linux-x86_64-debian-clang | 3.4 | 39.36 | 165.28 | 204.64 | OK | |
r-devel-linux-x86_64-debian-gcc | 3.4 | 33.88 | 120.39 | 154.27 | OK | |
r-devel-linux-x86_64-fedora-clang | 3.4 | 253.84 | OK | |||
r-devel-linux-x86_64-fedora-gcc | 3.4 | 265.06 | OK | |||
r-devel-windows-x86_64 | 3.4 | 37.00 | 162.00 | 199.00 | NOTE | |
r-patched-linux-x86_64 | 3.4 | 39.27 | 151.03 | 190.30 | OK | |
r-release-linux-x86_64 | 3.4 | 28.93 | 152.16 | 181.09 | OK | |
r-release-macos-arm64 | 3.4 | 72.00 | OK | |||
r-release-macos-x86_64 | 3.4 | 125.00 | OK | |||
r-release-windows-x86_64 | 3.4 | 50.00 | 200.00 | 250.00 | NOTE | |
r-oldrel-macos-arm64 | 3.4 | 63.00 | OK | |||
r-oldrel-macos-x86_64 | 3.4 | 112.00 | OK | |||
r-oldrel-windows-x86_64 | 3.4 | 45.00 | 194.00 | 239.00 | NOTE |
Version: 3.4
Check: installed package size
Result: NOTE
installed size is 5.0Mb
sub-directories of 1Mb or more:
extdata 3.0Mb
libs 1.0Mb
Flavors: r-devel-windows-x86_64, r-release-windows-x86_64, r-oldrel-windows-x86_64