Last updated on 2024-04-26 19:49:21 CEST.
Flavor | Version | Tinstall | Tcheck | Ttotal | Status | Flags |
---|---|---|---|---|---|---|
r-devel-linux-x86_64-debian-clang | 0.0.5 | 9.53 | 145.83 | 155.36 | OK | |
r-devel-linux-x86_64-debian-gcc | 0.0.5 | 6.56 | 107.38 | 113.94 | OK | |
r-devel-linux-x86_64-fedora-clang | 0.0.5 | 188.59 | NOTE | |||
r-devel-linux-x86_64-fedora-gcc | 0.0.5 | 189.45 | NOTE | |||
r-devel-windows-x86_64 | 0.0.5 | 7.00 | 129.00 | 136.00 | OK | |
r-patched-linux-x86_64 | 0.0.5 | 6.29 | 141.65 | 147.94 | OK | |
r-release-linux-x86_64 | 0.0.5 | 6.74 | 136.47 | 143.21 | OK | |
r-release-macos-arm64 | 0.0.5 | 58.00 | OK | |||
r-release-windows-x86_64 | 0.0.5 | 8.00 | 126.00 | 134.00 | OK | |
r-oldrel-macos-arm64 | 0.0.5 | 63.00 | OK | |||
r-oldrel-macos-x86_64 | 0.0.5 | 176.00 | OK | |||
r-oldrel-windows-x86_64 | 0.0.5 | 10.00 | 158.00 | 168.00 | OK |
Version: 0.0.5
Check: dependencies in R code
Result: NOTE
Namespaces in Imports field not imported from:
‘itsadug’ ‘mgcv’
All declared Imports should be used.
Flavors: r-devel-linux-x86_64-fedora-clang, r-devel-linux-x86_64-fedora-gcc