Last updated on 2024-04-18 20:55:57 CEST.
Flavor | Version | Tinstall | Tcheck | Ttotal | Status | Flags |
---|---|---|---|---|---|---|
r-devel-linux-x86_64-debian-clang | 0.6.2 | 12.12 | 167.21 | 179.33 | OK | |
r-devel-linux-x86_64-debian-gcc | 0.6.2 | 10.69 | 122.44 | 133.13 | OK | |
r-devel-linux-x86_64-fedora-clang | 0.6.2 | 222.40 | NOTE | |||
r-devel-linux-x86_64-fedora-gcc | 0.6.2 | 211.44 | OK | |||
r-prerel-macos-arm64 | 0.6.2 | 69.00 | OK | |||
r-prerel-windows-x86_64 | 0.6.2 | 13.00 | 137.00 | 150.00 | OK | |
r-patched-linux-x86_64 | 0.6.2 | 12.93 | 157.89 | 170.82 | OK | |
r-release-linux-x86_64 | 0.6.2 | 8.25 | 152.99 | 161.24 | OK | |
r-release-macos-arm64 | 0.6.2 | 76.00 | OK | |||
r-release-macos-x86_64 | 0.6.2 | 112.00 | OK | |||
r-release-windows-x86_64 | 0.6.2 | 16.00 | 166.00 | 182.00 | OK | |
r-oldrel-macos-arm64 | 0.6.2 | 61.00 | OK | |||
r-oldrel-windows-x86_64 | 0.6.2 | 16.00 | 166.00 | 182.00 | OK |
Version: 0.6.2
Check: Rd cross-references
Result: NOTE
Undeclared package ‘tibble’ in Rd xrefs
Flavor: r-devel-linux-x86_64-fedora-clang