Last updated on 2023-06-08 19:54:18 CEST.
Flavor | Version | Tinstall | Tcheck | Ttotal | Status | Flags |
---|---|---|---|---|---|---|
r-devel-linux-x86_64-debian-clang | 0.3.7 | 19.45 | 89.93 | 109.38 | OK | |
r-devel-linux-x86_64-debian-gcc | 0.3.7 | 15.77 | 67.87 | 83.64 | OK | |
r-devel-linux-x86_64-fedora-clang | 0.3.7 | 138.77 | OK | |||
r-devel-linux-x86_64-fedora-gcc | 0.3.7 | 128.03 | OK | |||
r-devel-windows-x86_64 | 0.3.7 | 21.00 | 105.00 | 126.00 | OK | |
r-patched-linux-x86_64 | 0.3.7 | 27.42 | 85.20 | 112.62 | OK | |
r-release-linux-x86_64 | 0.3.7 | 19.91 | 85.64 | 105.55 | OK | |
r-release-macos-arm64 | 0.3.7 | 41.00 | OK | |||
r-release-macos-x86_64 | 0.3.7 | 71.00 | NOTE | |||
r-release-windows-x86_64 | 0.3.7 | 20.00 | 119.00 | 139.00 | OK | |
r-oldrel-macos-arm64 | 0.3.7 | 35.00 | OK | |||
r-oldrel-macos-x86_64 | 0.3.7 | 51.00 | OK | |||
r-oldrel-windows-x86_64 | 0.3.7 | 21.00 | 105.00 | 126.00 | OK |
Version: 0.3.7
Check: package dependencies
Result: NOTE
Package suggested but not available for checking: ‘AmigaFFH’
Flavor: r-release-macos-x86_64
Version: 0.3.7
Check: Rd cross-references
Result: NOTE
Package unavailable to check Rd xrefs: ‘AmigaFFH’
Flavor: r-release-macos-x86_64