Last updated on 2023-09-28 08:58:58 CEST.
Flavor | Version | Tinstall | Tcheck | Ttotal | Status | Flags |
---|---|---|---|---|---|---|
r-devel-linux-x86_64-debian-clang | 1.5.4 | 53.71 | 418.17 | 471.88 | NOTE | |
r-devel-linux-x86_64-debian-gcc | 1.5.4 | 47.55 | 304.56 | 352.11 | NOTE | |
r-devel-linux-x86_64-fedora-clang | 1.5.4 | 579.73 | OK | |||
r-devel-linux-x86_64-fedora-gcc | 1.5.4 | 602.57 | OK | |||
r-devel-windows-x86_64 | 1.5.4 | 43.00 | 247.00 | 290.00 | NOTE | |
r-patched-linux-x86_64 | 1.5.4 | 53.02 | 394.37 | 447.39 | NOTE | |
r-release-linux-x86_64 | 1.5.4 | 37.24 | 396.26 | 433.50 | NOTE | |
r-release-macos-arm64 | 1.5.4 | 120.00 | NOTE | |||
r-release-macos-x86_64 | 1.5.4 | 234.00 | NOTE | |||
r-release-windows-x86_64 | 1.5.4 | 60.00 | 339.00 | 399.00 | NOTE | |
r-oldrel-macos-arm64 | 1.5.4 | 100.00 | NOTE | |||
r-oldrel-macos-x86_64 | 1.5.4 | 185.00 | NOTE | |||
r-oldrel-windows-x86_64 | 1.5.4 | 60.00 | 320.00 | 380.00 | NOTE |
Version: 1.5.4
Check: package dependencies
Result: NOTE
Package suggested but not available for checking: ‘INLA’
Flavors: r-devel-linux-x86_64-debian-clang, r-devel-linux-x86_64-debian-gcc, r-devel-windows-x86_64, r-patched-linux-x86_64, r-release-linux-x86_64, r-release-macos-arm64, r-release-macos-x86_64, r-release-windows-x86_64, r-oldrel-macos-arm64, r-oldrel-macos-x86_64, r-oldrel-windows-x86_64