Last updated on 2023-10-02 20:12:07 CEST.
Flavor | Version | Tinstall | Tcheck | Ttotal | Status | Flags |
---|---|---|---|---|---|---|
r-devel-linux-x86_64-debian-clang | 1.4 | 14.51 | 169.80 | 184.31 | OK | |
r-devel-linux-x86_64-debian-gcc | 1.4 | 11.93 | 116.75 | 128.68 | OK | |
r-devel-linux-x86_64-fedora-clang | 1.4 | 223.41 | NOTE | |||
r-devel-linux-x86_64-fedora-gcc | 1.4 | 244.73 | OK | |||
r-devel-windows-x86_64 | 1.4 | 16.00 | 168.00 | 184.00 | NOTE | |
r-patched-linux-x86_64 | 1.4 | 14.75 | 148.56 | 163.31 | OK | |
r-release-linux-x86_64 | 1.4 | 14.43 | 150.21 | 164.64 | OK | |
r-release-macos-arm64 | 1.4 | 74.00 | NOTE | |||
r-release-macos-x86_64 | 1.4 | 129.00 | NOTE | |||
r-release-windows-x86_64 | 1.4 | 21.00 | 187.00 | 208.00 | NOTE | |
r-oldrel-macos-arm64 | 1.4 | 64.00 | NOTE | |||
r-oldrel-macos-x86_64 | 1.4 | 81.00 | NOTE | |||
r-oldrel-windows-x86_64 | 1.4 | 19.00 | 188.00 | 207.00 | NOTE |
Version: 1.4
Check: installed package size
Result: NOTE
installed size is 5.3Mb
sub-directories of 1Mb or more:
data 3.9Mb
Flavors: r-devel-linux-x86_64-fedora-clang, r-devel-windows-x86_64, r-release-macos-arm64, r-release-macos-x86_64, r-release-windows-x86_64, r-oldrel-macos-arm64, r-oldrel-macos-x86_64, r-oldrel-windows-x86_64