Last updated on 2023-06-09 19:56:32 CEST.
Flavor | Version | Tinstall | Tcheck | Ttotal | Status | Flags |
---|---|---|---|---|---|---|
r-devel-linux-x86_64-debian-clang | 0.1.3 | 226.76 | 121.23 | 347.99 | NOTE | |
r-devel-linux-x86_64-debian-gcc | 0.1.3 | 221.49 | 103.30 | 324.79 | NOTE | |
r-devel-linux-x86_64-fedora-clang | 0.1.3 | 463.97 | NOTE | |||
r-devel-linux-x86_64-fedora-gcc | 0.1.3 | 570.79 | NOTE | |||
r-devel-windows-x86_64 | 0.1.3 | 194.00 | 144.00 | 338.00 | NOTE | |
r-patched-linux-x86_64 | 0.1.3 | 219.13 | 130.02 | 349.15 | NOTE | |
r-release-linux-x86_64 | 0.1.3 | 222.87 | 132.04 | 354.91 | NOTE | |
r-release-macos-arm64 | 0.1.3 | 135.00 | NOTE | |||
r-release-macos-x86_64 | 0.1.3 | 225.00 | NOTE | |||
r-release-windows-x86_64 | 0.1.3 | 251.00 | 175.00 | 426.00 | NOTE | |
r-oldrel-macos-arm64 | 0.1.3 | 138.00 | NOTE | |||
r-oldrel-macos-x86_64 | 0.1.3 | 175.00 | NOTE | |||
r-oldrel-windows-x86_64 | 0.1.3 | 229.00 | 170.00 | 399.00 | NOTE |
Version: 0.1.3
Check: for GNU extensions in Makefiles
Result: NOTE
GNU make is a SystemRequirements.
Flavors: r-devel-linux-x86_64-debian-clang, r-devel-linux-x86_64-debian-gcc, r-devel-linux-x86_64-fedora-clang, r-devel-linux-x86_64-fedora-gcc, r-devel-windows-x86_64, r-patched-linux-x86_64, r-release-linux-x86_64, r-release-macos-arm64, r-release-macos-x86_64, r-release-windows-x86_64, r-oldrel-macos-arm64, r-oldrel-macos-x86_64, r-oldrel-windows-x86_64
Version: 0.1.3
Check: dependencies in R code
Result: NOTE
Namespace in Imports field not imported from: ‘rstantools’
All declared Imports should be used.
Flavors: r-devel-linux-x86_64-fedora-clang, r-devel-linux-x86_64-fedora-gcc, r-oldrel-macos-arm64, r-oldrel-macos-x86_64
Version: 0.1.3
Check: installed package size
Result: NOTE
installed size is 43.2Mb
sub-directories of 1Mb or more:
libs 42.9Mb
Flavors: r-release-macos-arm64, r-release-macos-x86_64, r-oldrel-macos-arm64, r-oldrel-macos-x86_64