Last updated on 2023-09-28 08:58:58 CEST.
Flavor | Version | Tinstall | Tcheck | Ttotal | Status | Flags |
---|---|---|---|---|---|---|
r-devel-linux-x86_64-debian-clang | 1.6.0 | 41.57 | 364.71 | 406.28 | OK | |
r-devel-linux-x86_64-debian-gcc | 1.6.0 | 30.56 | 261.66 | 292.22 | OK | |
r-devel-linux-x86_64-fedora-clang | 1.6.0 | 488.82 | NOTE | |||
r-devel-linux-x86_64-fedora-gcc | 1.6.0 | 523.84 | OK | |||
r-devel-windows-x86_64 | 1.6.0 | 31.00 | 249.00 | 280.00 | NOTE | |
r-patched-linux-x86_64 | 1.6.0 | 26.37 | 339.30 | 365.67 | OK | |
r-release-linux-x86_64 | 1.6.0 | 24.68 | 350.11 | 374.79 | OK | |
r-release-macos-arm64 | 1.6.0 | 123.00 | NOTE | |||
r-release-macos-x86_64 | 1.6.0 | 245.00 | NOTE | |||
r-release-windows-x86_64 | 1.6.0 | 43.00 | 335.00 | 378.00 | NOTE | |
r-oldrel-macos-arm64 | 1.6.0 | 117.00 | NOTE | |||
r-oldrel-macos-x86_64 | 1.6.0 | 160.00 | NOTE | |||
r-oldrel-windows-x86_64 | 1.6.0 | 42.00 | 314.00 | 356.00 | NOTE |
Version: 1.6.0
Check: installed package size
Result: NOTE
installed size is 7.0Mb
sub-directories of 1Mb or more:
doc 5.9Mb
Flavors: r-devel-linux-x86_64-fedora-clang, r-devel-windows-x86_64, r-release-macos-arm64, r-release-macos-x86_64, r-release-windows-x86_64, r-oldrel-macos-arm64, r-oldrel-macos-x86_64, r-oldrel-windows-x86_64