Last updated on 2024-04-18 08:54:41 CEST.
Flavor | Version | Tinstall | Tcheck | Ttotal | Status | Flags |
---|---|---|---|---|---|---|
r-devel-linux-x86_64-debian-clang | 0.2-4 | 2.75 | 79.42 | 82.17 | NOTE | |
r-devel-linux-x86_64-debian-gcc | 0.2-4 | 2.86 | 73.23 | 76.09 | NOTE | |
r-devel-linux-x86_64-fedora-clang | 0.2-4 | 106.59 | NOTE | |||
r-devel-linux-x86_64-fedora-gcc | 0.2-4 | 120.38 | NOTE | |||
r-prerel-macos-arm64 | 0.2-4 | 59.00 | NOTE | |||
r-prerel-windows-x86_64 | 0.2-4 | 6.00 | 110.00 | 116.00 | NOTE | |
r-patched-linux-x86_64 | 0.2-4 | 3.53 | 90.30 | 93.83 | NOTE | |
r-release-linux-x86_64 | 0.2-4 | 3.41 | 92.88 | 96.29 | OK | |
r-release-macos-arm64 | 0.2-4 | 63.00 | OK | |||
r-release-macos-x86_64 | 0.2-4 | 117.00 | OK | |||
r-release-windows-x86_64 | 0.2-4 | 4.00 | 128.00 | 132.00 | OK | |
r-oldrel-macos-arm64 | 0.2-4 | 41.00 | OK | |||
r-oldrel-windows-x86_64 | 0.2-4 | 5.00 | 94.00 | 99.00 | OK |
Version: 0.2-4
Check: Rd files
Result: NOTE
checkRd: (-1) pa-internal.Rd:11: Lost braces
11 | code{l2df}: convert list to data.frame
| ^
checkRd: (-1) pa-internal.Rd:14: Lost braces
14 | code{convertTZ}: force a new timezone on datetime
| ^
checkRd: (-1) pa-internal.Rd:16: Lost braces
16 | code{createTime}: create datetime variable
| ^
checkRd: (-1) pa-internal.Rd:18: Lost braces
18 | code{addDayIndex}: create ID_day variable from timestamp
| ^
Flavors: r-devel-linux-x86_64-debian-clang, r-devel-linux-x86_64-debian-gcc, r-devel-linux-x86_64-fedora-clang, r-devel-linux-x86_64-fedora-gcc, r-prerel-macos-arm64, r-prerel-windows-x86_64, r-patched-linux-x86_64