Last updated on 2024-03-29 07:54:51 CET.
Flavor | Version | Tinstall | Tcheck | Ttotal | Status | Flags |
---|---|---|---|---|---|---|
r-devel-linux-x86_64-debian-clang | 1.0.8 | 9.88 | 90.80 | 100.68 | NOTE | |
r-devel-linux-x86_64-debian-gcc | 1.0.8 | 7.59 | 67.70 | 75.29 | NOTE | |
r-devel-linux-x86_64-fedora-clang | 1.0.8 | 123.61 | NOTE | |||
r-devel-linux-x86_64-fedora-gcc | 1.0.8 | 122.95 | NOTE | |||
r-devel-windows-x86_64 | 1.0.8 | 9.00 | 77.00 | 86.00 | NOTE | |
r-patched-linux-x86_64 | 1.0.8 | 16.54 | 85.59 | 102.13 | NOTE | |
r-release-linux-x86_64 | 1.0.8 | 11.80 | 89.95 | 101.75 | NOTE | |
r-release-macos-arm64 | 1.0.8 | 42.00 | NOTE | |||
r-release-macos-x86_64 | 1.0.8 | 64.00 | NOTE | |||
r-release-windows-x86_64 | 1.0.8 | 13.00 | 96.00 | 109.00 | NOTE | |
r-oldrel-macos-arm64 | 1.0.8 | 35.00 | NOTE | |||
r-oldrel-windows-x86_64 | 1.0.8 | 13.00 | 99.00 | 112.00 | NOTE |
Version: 1.0.8
Check: LazyData
Result: NOTE
'LazyData' is specified without a 'data' directory
Flavors: r-devel-linux-x86_64-debian-clang, r-devel-linux-x86_64-debian-gcc, r-devel-linux-x86_64-fedora-clang, r-devel-linux-x86_64-fedora-gcc, r-devel-windows-x86_64, r-patched-linux-x86_64, r-release-linux-x86_64, r-release-macos-arm64, r-release-macos-x86_64, r-release-windows-x86_64, r-oldrel-macos-arm64, r-oldrel-windows-x86_64