Last updated on 2024-04-24 20:54:17 CEST.
Flavor | Version | Tinstall | Tcheck | Ttotal | Status | Flags |
---|---|---|---|---|---|---|
r-devel-linux-x86_64-debian-clang | 1.0.0 | 6.39 | 67.86 | 74.25 | NOTE | |
r-devel-linux-x86_64-debian-gcc | 1.0.0 | 4.08 | 51.13 | 55.21 | NOTE | |
r-devel-linux-x86_64-fedora-clang | 1.0.0 | 93.97 | NOTE | |||
r-devel-linux-x86_64-fedora-gcc | 1.0.0 | 89.48 | NOTE | |||
r-devel-windows-x86_64 | 1.0.0 | 7.00 | 72.00 | 79.00 | NOTE | |
r-patched-linux-x86_64 | 1.0.0 | 7.31 | 63.86 | 71.17 | NOTE | |
r-release-linux-x86_64 | 1.0.0 | 8.25 | 69.27 | 77.52 | NOTE | |
r-release-macos-arm64 | 1.0.0 | 34.00 | NOTE | |||
r-release-windows-x86_64 | 1.0.0 | 7.00 | 70.00 | 77.00 | NOTE | |
r-oldrel-macos-arm64 | 1.0.0 | 29.00 | NOTE | |||
r-oldrel-macos-x86_64 | 1.0.0 | 50.00 | NOTE | |||
r-oldrel-windows-x86_64 | 1.0.0 | 9.00 | 80.00 | 89.00 | NOTE |
Version: 1.0.0
Check: LazyData
Result: NOTE
'LazyData' is specified without a 'data' directory
Flavors: r-devel-linux-x86_64-debian-clang, r-devel-linux-x86_64-debian-gcc, r-devel-linux-x86_64-fedora-clang, r-devel-linux-x86_64-fedora-gcc, r-devel-windows-x86_64, r-patched-linux-x86_64, r-release-linux-x86_64, r-release-macos-arm64, r-release-windows-x86_64, r-oldrel-macos-arm64, r-oldrel-macos-x86_64, r-oldrel-windows-x86_64