Last updated on 2023-09-28 19:59:48 CEST.
Flavor | Version | Tinstall | Tcheck | Ttotal | Status | Flags |
---|---|---|---|---|---|---|
r-devel-linux-x86_64-debian-clang | 0.3.7 | 31.31 | 302.13 | 333.44 | OK | |
r-devel-linux-x86_64-debian-gcc | 0.3.7 | 24.07 | 219.03 | 243.10 | OK | |
r-devel-linux-x86_64-fedora-clang | 0.3.7 | 402.66 | NOTE | |||
r-devel-linux-x86_64-fedora-gcc | 0.3.7 | 420.16 | NOTE | |||
r-devel-windows-x86_64 | 0.3.7 | 28.00 | 188.00 | 216.00 | NOTE | |
r-patched-linux-x86_64 | 0.3.7 | 21.51 | 291.78 | 313.29 | OK | |
r-release-linux-x86_64 | 0.3.7 | 21.57 | 292.88 | 314.45 | OK | |
r-release-macos-arm64 | 0.3.7 | 99.00 | NOTE | |||
r-release-macos-x86_64 | 0.3.7 | 182.00 | NOTE | |||
r-release-windows-x86_64 | 0.3.7 | 36.00 | 253.00 | 289.00 | NOTE | |
r-oldrel-macos-arm64 | 0.3.7 | 99.00 | NOTE | |||
r-oldrel-macos-x86_64 | 0.3.7 | 113.00 | NOTE | |||
r-oldrel-windows-x86_64 | 0.3.7 | 38.00 | 249.00 | 287.00 | NOTE |
Version: 0.3.7
Check: installed package size
Result: NOTE
installed size is 9.0Mb
sub-directories of 1Mb or more:
extdata 8.8Mb
Flavors: r-devel-linux-x86_64-fedora-clang, r-devel-windows-x86_64, r-release-macos-arm64, r-release-macos-x86_64, r-release-windows-x86_64, r-oldrel-macos-arm64, r-oldrel-macos-x86_64, r-oldrel-windows-x86_64
Version: 0.3.7
Check: dependencies in R code
Result: NOTE
Namespaces in Imports field not imported from:
‘caret’ ‘gstat’ ‘pryr’
All declared Imports should be used.
Flavors: r-devel-linux-x86_64-fedora-clang, r-devel-linux-x86_64-fedora-gcc, r-oldrel-macos-arm64, r-oldrel-macos-x86_64