Last updated on 2023-06-04 08:57:17 CEST.
Flavor | Version | Tinstall | Tcheck | Ttotal | Status | Flags |
---|---|---|---|---|---|---|
r-devel-linux-x86_64-debian-clang | 2.0.1 | 67.03 | 660.47 | 727.50 | NOTE | |
r-devel-linux-x86_64-debian-gcc | 2.0.1 | 54.70 | 464.02 | 518.72 | NOTE | |
r-devel-linux-x86_64-fedora-clang | 2.0.1 | 829.77 | NOTE | |||
r-devel-linux-x86_64-fedora-gcc | 2.0.1 | 608.92 | NOTE | |||
r-devel-windows-x86_64 | 2.0.1 | 55.00 | 472.00 | 527.00 | NOTE | |
r-patched-linux-x86_64 | 2.0.1 | 56.49 | 569.45 | 625.94 | NOTE | |
r-release-linux-x86_64 | 2.0.1 | 61.37 | 572.68 | 634.05 | NOTE | |
r-release-macos-arm64 | 2.0.1 | 220.00 | NOTE | |||
r-release-macos-x86_64 | 2.0.1 | 400.00 | NOTE | |||
r-release-windows-x86_64 | 2.0.1 | 70.00 | 548.00 | 618.00 | NOTE | |
r-oldrel-macos-arm64 | 2.0.1 | 206.00 | NOTE | |||
r-oldrel-macos-x86_64 | 2.0.1 | 261.00 | NOTE | |||
r-oldrel-windows-x86_64 | 2.0.1 | 69.00 | 541.00 | 610.00 | OK |
Version: 2.0.1
Check: C++ specification
Result: NOTE
Specified C++11: please drop specification unless essential
Flavors: r-devel-linux-x86_64-debian-clang, r-devel-linux-x86_64-debian-gcc, r-devel-linux-x86_64-fedora-clang, r-devel-linux-x86_64-fedora-gcc, r-devel-windows-x86_64, r-patched-linux-x86_64, r-release-linux-x86_64, r-release-macos-arm64, r-release-macos-x86_64, r-release-windows-x86_64
Version: 2.0.1
Check: dependencies in R code
Result: NOTE
Namespace in Imports field not imported from: ‘grDevices’
All declared Imports should be used.
Flavors: r-devel-linux-x86_64-fedora-clang, r-devel-linux-x86_64-fedora-gcc, r-oldrel-macos-arm64, r-oldrel-macos-x86_64