CRAN Package Check Results for Package PaRe

Last updated on 2024-02-26 19:50:16 CET.

Flavor Version Tinstall Tcheck Ttotal Status Flags
r-devel-linux-x86_64-debian-clang 0.1.12 11.98 115.51 127.49 NOTE
r-devel-linux-x86_64-debian-gcc 0.1.12 9.68 86.05 95.73 NOTE
r-devel-linux-x86_64-fedora-clang 0.1.12 NOTE
r-devel-linux-x86_64-fedora-gcc 0.1.12 165.95 NOTE
r-devel-windows-x86_64 0.1.12 11.00 106.00 117.00 OK
r-patched-linux-x86_64 0.1.12 9.43 108.75 118.18 OK
r-release-linux-x86_64 0.1.12 7.31 110.42 117.73 OK
r-release-macos-arm64 0.1.12 59.00 OK
r-release-macos-x86_64 0.1.12 110.00 OK
r-release-windows-x86_64 0.1.12 15.00 125.00 140.00 OK
r-oldrel-macos-arm64 0.1.12 54.00 OK
r-oldrel-windows-x86_64 0.1.12 15.00 141.00 156.00 OK

Check Details

Version: 0.1.12
Check: Rd files
Result: NOTE checkRd: (-1) Code.Rd:68: Lost braces 68 | ([base]{character}) | ^ checkRd: (-1) printMessage.Rd:10: Lost braces 10 | \item{notPermitted}{([base]{data.frame})} | ^ checkRd: (-1) printMessage.Rd:12: Lost braces 12 | \item{versionCheck}{([base]{data.frame})} | ^ Flavors: r-devel-linux-x86_64-debian-clang, r-devel-linux-x86_64-debian-gcc, r-devel-linux-x86_64-fedora-clang, r-devel-linux-x86_64-fedora-gcc

Version: 0.1.12
Check: Rd cross-references
Result: NOTE Undeclared packages ‘tidygraph’, ‘htmlwidgets’ in Rd xrefs Flavor: r-devel-linux-x86_64-fedora-clang