Last updated on 2023-10-02 20:12:08 CEST.
Flavor | Version | Tinstall | Tcheck | Ttotal | Status | Flags |
---|---|---|---|---|---|---|
r-devel-linux-x86_64-debian-clang | 1.2.117 | 20.75 | 222.38 | 243.13 | OK | |
r-devel-linux-x86_64-debian-gcc | 1.2.117 | 20.49 | 161.24 | 181.73 | OK | |
r-devel-linux-x86_64-fedora-clang | 1.2.117 | 298.68 | NOTE | |||
r-devel-linux-x86_64-fedora-gcc | 1.2.117 | 297.11 | OK | |||
r-devel-windows-x86_64 | 1.2.117 | 23.00 | 245.00 | 268.00 | OK | |
r-patched-linux-x86_64 | 1.2.117 | 19.25 | 208.06 | 227.31 | OK | |
r-release-linux-x86_64 | 1.2.117 | 21.00 | 210.18 | 231.18 | OK | |
r-release-macos-arm64 | 1.2.117 | 89.00 | OK | |||
r-release-macos-x86_64 | 1.2.117 | 153.00 | OK | |||
r-release-windows-x86_64 | 1.2.117 | 33.00 | 289.00 | 322.00 | OK | |
r-oldrel-macos-arm64 | 1.2.117 | 77.00 | OK | |||
r-oldrel-macos-x86_64 | 1.2.117 | 132.00 | OK | |||
r-oldrel-windows-x86_64 | 1.2.117 | 30.00 | 247.00 | 277.00 | OK |
Version: 1.2.117
Check: package dependencies
Result: NOTE
Imports includes 30 non-default packages.
Importing from so many packages makes the package vulnerable to any of
them becoming unavailable. Move as many as possible to Suggests and
use conditionally.
Flavor: r-devel-linux-x86_64-fedora-clang