Last updated on 2023-10-01 08:52:07 CEST.
Flavor | Version | Tinstall | Tcheck | Ttotal | Status | Flags |
---|---|---|---|---|---|---|
r-devel-linux-x86_64-debian-clang | 1.0.2 | 21.68 | 160.23 | 181.91 | OK | |
r-devel-linux-x86_64-debian-gcc | 1.0.2 | 16.44 | 114.49 | 130.93 | OK | |
r-devel-linux-x86_64-fedora-clang | 1.0.2 | 219.83 | NOTE | |||
r-devel-linux-x86_64-fedora-gcc | 1.0.2 | 232.41 | OK | |||
r-devel-windows-x86_64 | 1.0.2 | 18.00 | 122.00 | 140.00 | OK | |
r-patched-linux-x86_64 | 1.0.2 | 14.30 | 149.90 | 164.20 | OK | |
r-release-linux-x86_64 | 1.0.2 | 16.82 | 150.30 | 167.12 | OK | |
r-release-macos-arm64 | 1.0.2 | 61.00 | OK | |||
r-release-macos-x86_64 | 1.0.2 | 167.00 | OK | |||
r-release-windows-x86_64 | 1.0.2 | 24.00 | 151.00 | 175.00 | OK | |
r-oldrel-macos-arm64 | 1.0.2 | 65.00 | OK | |||
r-oldrel-macos-x86_64 | 1.0.2 | 87.00 | OK | |||
r-oldrel-windows-x86_64 | 1.0.2 | 26.00 | 149.00 | 175.00 | OK |
Version: 1.0.2
Check: package dependencies
Result: NOTE
Imports includes 21 non-default packages.
Importing from so many packages makes the package vulnerable to any of
them becoming unavailable. Move as many as possible to Suggests and
use conditionally.
Flavor: r-devel-linux-x86_64-fedora-clang