Last updated on 2024-03-28 19:48:41 CET.
Flavor | Version | Tinstall | Tcheck | Ttotal | Status | Flags |
---|---|---|---|---|---|---|
r-devel-linux-x86_64-debian-clang | 0.4.1 | 53.03 | 305.35 | 358.38 | NOTE | |
r-devel-linux-x86_64-debian-gcc | 0.4.1 | 37.87 | 244.18 | 282.05 | NOTE | |
r-devel-linux-x86_64-fedora-clang | 0.4.1 | 498.81 | NOTE | |||
r-devel-linux-x86_64-fedora-gcc | 0.4.1 | 525.70 | NOTE | |||
r-devel-windows-x86_64 | 0.4.1 | 43.00 | 312.00 | 355.00 | NOTE | |
r-patched-linux-x86_64 | 0.4.1 | 53.65 | 317.20 | 370.85 | NOTE | |
r-release-linux-x86_64 | 0.4.1 | 49.60 | 319.46 | 369.06 | OK | |
r-release-macos-arm64 | 0.4.1 | 150.00 | OK | |||
r-release-macos-x86_64 | 0.4.1 | 266.00 | OK | |||
r-release-windows-x86_64 | 0.4.1 | 53.00 | 385.00 | 438.00 | OK | |
r-oldrel-macos-arm64 | 0.4.1 | 118.00 | OK | |||
r-oldrel-windows-x86_64 | 0.4.1 | 54.00 | 382.00 | 436.00 | OK |
Version: 0.4.1
Check: Rd files
Result: NOTE
checkRd: (-1) computeResponseProbability.Rd:12: Lost braces; missing escapes or markup?
12 | \item{model}{the item model to use. Accepts \code{grm} or {gpcm}.}
| ^
Flavors: r-devel-linux-x86_64-debian-clang, r-devel-linux-x86_64-debian-gcc, r-devel-linux-x86_64-fedora-clang, r-devel-linux-x86_64-fedora-gcc, r-devel-windows-x86_64, r-patched-linux-x86_64