Last updated on 2023-06-04 08:57:18 CEST.
Flavor | Version | Tinstall | Tcheck | Ttotal | Status | Flags |
---|---|---|---|---|---|---|
r-devel-linux-x86_64-debian-clang | 1.6 | 177.77 | 561.06 | 738.83 | OK | |
r-devel-linux-x86_64-debian-gcc | 1.6 | 144.77 | 419.04 | 563.81 | OK | |
r-devel-linux-x86_64-fedora-clang | 1.6 | 1005.63 | OK | |||
r-devel-linux-x86_64-fedora-gcc | 1.6 | 1038.75 | OK | |||
r-devel-windows-x86_64 | 1.6 | 142.00 | 417.00 | 559.00 | OK | |
r-patched-linux-x86_64 | 1.6 | 155.28 | 526.61 | 681.89 | OK | |
r-release-linux-x86_64 | 1.6 | 164.65 | 525.14 | 689.79 | OK | |
r-release-macos-arm64 | 1.6 | 144.00 | NOTE | |||
r-release-macos-x86_64 | 1.6 | 297.00 | NOTE | |||
r-release-windows-x86_64 | 1.6 | 162.00 | 541.00 | 703.00 | OK | |
r-oldrel-macos-arm64 | 1.6 | 135.00 | NOTE | |||
r-oldrel-macos-x86_64 | 1.6 | 300.00 | NOTE | |||
r-oldrel-windows-x86_64 | 1.6 | 167.00 | 505.00 | 672.00 | OK |
Version: 1.6
Check: installed package size
Result: NOTE
installed size is 12.1Mb
sub-directories of 1Mb or more:
data 2.2Mb
libs 9.2Mb
Flavors: r-release-macos-arm64, r-release-macos-x86_64, r-oldrel-macos-arm64, r-oldrel-macos-x86_64