CRAN Package Check Results for Package PQLseq

Last updated on 2023-06-02 20:56:34 CEST.

Flavor Version Tinstall Tcheck Ttotal Status Flags
r-devel-linux-x86_64-debian-clang 1.2.1 54.90 71.98 126.88 NOTE
r-devel-linux-x86_64-debian-gcc 1.2.1 45.08 56.23 101.31 NOTE
r-devel-linux-x86_64-fedora-clang 1.2.1 180.17 NOTE
r-devel-linux-x86_64-fedora-gcc 1.2.1 189.94 NOTE
r-devel-windows-x86_64 1.2.1 45.00 96.00 141.00 NOTE
r-patched-linux-x86_64 1.2.1 NOTE
r-release-linux-x86_64 1.2.1 49.38 69.41 118.79 NOTE
r-release-macos-arm64 1.2.1 53.00 NOTE
r-release-macos-x86_64 1.2.1 84.00 NOTE
r-release-windows-x86_64 1.2.1 57.00 115.00 172.00 NOTE
r-oldrel-macos-arm64 1.2.1 43.00 OK
r-oldrel-macos-x86_64 1.2.1 66.00 OK
r-oldrel-windows-x86_64 1.2.1 55.00 108.00 163.00 OK

Check Details

Version: 1.2.1
Check: C++ specification
Result: NOTE
     Specified C++11: please drop specification unless essential
Flavors: r-devel-linux-x86_64-debian-clang, r-devel-linux-x86_64-debian-gcc, r-devel-linux-x86_64-fedora-clang, r-devel-linux-x86_64-fedora-gcc, r-devel-windows-x86_64, r-patched-linux-x86_64, r-release-linux-x86_64, r-release-macos-arm64, r-release-macos-x86_64, r-release-windows-x86_64