Last updated on 2024-04-24 07:57:49 CEST.
Flavor | Version | Tinstall | Tcheck | Ttotal | Status | Flags |
---|---|---|---|---|---|---|
r-devel-linux-x86_64-debian-clang | 0.1.0 | 38.77 | 68.12 | 106.89 | NOTE | |
r-devel-linux-x86_64-debian-gcc | 0.1.0 | 28.98 | 51.28 | 80.26 | NOTE | |
r-devel-linux-x86_64-fedora-clang | 0.1.0 | 139.56 | NOTE | |||
r-devel-linux-x86_64-fedora-gcc | 0.1.0 | 135.67 | NOTE | |||
r-prerel-macos-arm64 | 0.1.0 | 36.00 | NOTE | |||
r-prerel-windows-x86_64 | 0.1.0 | 31.00 | 81.00 | 112.00 | NOTE | |
r-patched-linux-x86_64 | 0.1.0 | 30.76 | 64.92 | 95.68 | NOTE | |
r-release-linux-x86_64 | 0.1.0 | 36.12 | 69.31 | 105.43 | NOTE | |
r-release-macos-arm64 | 0.1.0 | 42.00 | NOTE | |||
r-release-macos-x86_64 | 0.1.0 | 68.00 | NOTE | |||
r-release-windows-x86_64 | 0.1.0 | 38.00 | 100.00 | 138.00 | NOTE | |
r-oldrel-macos-arm64 | 0.1.0 | 37.00 | OK | |||
r-oldrel-windows-x86_64 | 0.1.0 | 36.00 | 96.00 | 132.00 | OK |
Version: 0.1.0
Check: C++ specification
Result: NOTE
Specified C++11: please drop specification unless essential
Flavors: r-devel-linux-x86_64-debian-clang, r-devel-linux-x86_64-debian-gcc, r-devel-linux-x86_64-fedora-clang, r-devel-linux-x86_64-fedora-gcc, r-prerel-macos-arm64, r-prerel-windows-x86_64, r-patched-linux-x86_64, r-release-linux-x86_64, r-release-macos-arm64, r-release-macos-x86_64, r-release-windows-x86_64