CRAN Package Check Results for Package POSetR

Last updated on 2023-06-02 20:56:34 CEST.

Flavor Version Tinstall Tcheck Ttotal Status Flags
r-devel-linux-x86_64-debian-clang 1.1.1 222.08 38.59 260.67 OK
r-devel-linux-x86_64-debian-gcc 1.1.1 175.68 30.18 205.86 OK
r-devel-linux-x86_64-fedora-clang 1.1.1 391.23 NOTE
r-devel-linux-x86_64-fedora-gcc 1.1.1 422.91 NOTE
r-devel-windows-x86_64 1.1.1 169.00 79.00 248.00 OK
r-patched-linux-x86_64 1.1.1 OK
r-release-linux-x86_64 1.1.1 188.33 37.92 226.25 OK
r-release-macos-arm64 1.1.1 99.00 NOTE
r-release-macos-x86_64 1.1.1 164.00 NOTE
r-release-windows-x86_64 1.1.1 216.00 87.00 303.00 OK
r-oldrel-macos-arm64 1.1.1 103.00 NOTE
r-oldrel-macos-x86_64 1.1.1 106.00 NOTE
r-oldrel-windows-x86_64 1.1.1 216.00 82.00 298.00 OK

Check Details

Version: 1.1.1
Check: dependencies in R code
Result: NOTE
    Namespace in Imports field not imported from: ‘Rdpack’
     All declared Imports should be used.
Flavors: r-devel-linux-x86_64-fedora-clang, r-devel-linux-x86_64-fedora-gcc

Version: 1.1.1
Check: installed package size
Result: NOTE
     installed size is 16.3Mb
     sub-directories of 1Mb or more:
     libs 16.1Mb
Flavors: r-release-macos-arm64, r-release-macos-x86_64, r-oldrel-macos-arm64, r-oldrel-macos-x86_64