Last updated on 2024-03-29 07:54:52 CET.
Flavor | Version | Tinstall | Tcheck | Ttotal | Status | Flags |
---|---|---|---|---|---|---|
r-devel-linux-x86_64-debian-clang | 2.1.1 | 211.43 | 147.49 | 358.92 | OK | |
r-devel-linux-x86_64-debian-gcc | 2.1.1 | 149.78 | 111.61 | 261.39 | OK | |
r-devel-linux-x86_64-fedora-clang | 2.1.1 | 520.28 | NOTE | |||
r-devel-linux-x86_64-fedora-gcc | 2.1.1 | 480.63 | NOTE | |||
r-devel-windows-x86_64 | 2.1.1 | 156.00 | 166.00 | 322.00 | OK | |
r-patched-linux-x86_64 | 2.1.1 | 187.69 | 142.73 | 330.42 | OK | |
r-release-linux-x86_64 | 2.1.1 | 183.99 | 147.77 | 331.76 | OK | |
r-release-macos-arm64 | 2.1.1 | 116.00 | OK | |||
r-release-macos-x86_64 | 2.1.1 | 199.00 | OK | |||
r-release-windows-x86_64 | 2.1.1 | 191.00 | 200.00 | 391.00 | OK | |
r-oldrel-macos-arm64 | 2.1.1 | 104.00 | NOTE | |||
r-oldrel-windows-x86_64 | 2.1.1 | 190.00 | 189.00 | 379.00 | OK |
Version: 2.1.1
Check: dependencies in R code
Result: NOTE
Namespaces in Imports field not imported from:
‘PlackettLuce’ ‘StatRank’ ‘pmr’ ‘prefmod’ ‘rankdist’
All declared Imports should be used.
Flavors: r-devel-linux-x86_64-fedora-clang, r-devel-linux-x86_64-fedora-gcc, r-oldrel-macos-arm64